Last updated on 2025-11-03 12:49:54 CET.
| Flavor | Version | Tinstall | Tcheck | Ttotal | Status | Flags | 
|---|---|---|---|---|---|---|
| r-devel-linux-x86_64-debian-clang | 1.0.1 | 13.59 | 90.82 | 104.41 | NOTE | |
| r-devel-linux-x86_64-debian-gcc | 1.0.1 | 10.71 | 76.36 | 87.07 | NOTE | |
| r-devel-linux-x86_64-fedora-clang | 1.0.1 | 45.00 | 130.55 | 175.55 | OK | |
| r-devel-linux-x86_64-fedora-gcc | 1.0.1 | 26.00 | 126.99 | 152.99 | OK | |
| r-devel-windows-x86_64 | 1.0.1 | 11.00 | 79.00 | 90.00 | OK | |
| r-patched-linux-x86_64 | 1.0.1 | 12.89 | 84.82 | 97.71 | OK | |
| r-release-linux-x86_64 | 1.0.1 | 12.17 | 84.11 | 96.28 | OK | |
| r-release-macos-arm64 | 1.0.1 | 12.00 | 86.00 | 98.00 | OK | |
| r-release-macos-x86_64 | 1.0.1 | 30.00 | 174.00 | 204.00 | OK | |
| r-release-windows-x86_64 | 1.0.1 | 11.00 | 77.00 | 88.00 | OK | |
| r-oldrel-macos-arm64 | 1.0.1 | 8.00 | 49.00 | 57.00 | OK | |
| r-oldrel-macos-x86_64 | 1.0.1 | 10.00 | 59.00 | 69.00 | OK | |
| r-oldrel-windows-x86_64 | 1.0.1 | 13.00 | 94.00 | 107.00 | OK | 
Version: 1.0.1
Check: CRAN incoming feasibility
Result: NOTE
  Maintainer: ‘Olivier LE GOFF <olivierlegoff1@gmail.com>’
  
  No Authors@R field in DESCRIPTION.
  Please add one, modifying
    Authors@R: person(given = c("Olivier", "LE"),
                      family = "GOFF",
                      role = c("aut", "cre"),
                      email = "olivierlegoff1@gmail.com")
  as necessary.
  
  Package CITATION file contains call(s) to old-style personList() or
  as.personList().  Please use c() on person objects instead.
  Package CITATION file contains call(s) to old-style citEntry().  Please
  use bibentry() instead.
Flavors: r-devel-linux-x86_64-debian-clang, r-devel-linux-x86_64-debian-gcc