CRAN Package Check Results for Package IntegrateBs

Last updated on 2025-07-03 13:48:36 CEST.

Flavor Version Tinstall Tcheck Ttotal Status Flags
r-devel-linux-x86_64-debian-clang 0.1.0 1.45 16.22 17.67 OK
r-devel-linux-x86_64-debian-gcc 0.1.0 1.19 14.15 15.34 OK
r-devel-linux-x86_64-fedora-clang 0.1.0 26.99 OK
r-devel-linux-x86_64-fedora-gcc 0.1.0 25.97 OK
r-devel-windows-x86_64 0.1.0 2.00 34.00 36.00 OK
r-patched-linux-x86_64 0.1.0 1.42 15.13 16.55 OK
r-release-linux-x86_64 0.1.0 1.34 15.22 16.56 OK
r-release-macos-arm64 0.1.0 14.00 OK
r-release-macos-x86_64 0.1.0 25.00 OK
r-release-windows-x86_64 0.1.0 3.00 35.00 38.00 OK
r-oldrel-macos-arm64 0.1.0 13.00 NOTE
r-oldrel-macos-x86_64 0.1.0 19.00 NOTE
r-oldrel-windows-x86_64 0.1.0 3.00 34.00 37.00 NOTE

Check Details

Version: 0.1.0
Check: LazyData
Result: NOTE 'LazyData' is specified without a 'data' directory Flavors: r-oldrel-macos-arm64, r-oldrel-macos-x86_64, r-oldrel-windows-x86_64