CRAN Package Check Results for Package ISOpureR

Last updated on 2025-11-03 12:49:54 CET.

Flavor Version Tinstall Tcheck Ttotal Status Flags
r-devel-linux-x86_64-debian-clang 1.1.3 16.55 49.37 65.92 NOTE
r-devel-linux-x86_64-debian-gcc 1.1.3 11.45 37.61 49.06 NOTE
r-devel-linux-x86_64-fedora-clang 1.1.3 71.00 44.76 115.76 NOTE
r-devel-linux-x86_64-fedora-gcc 1.1.3 36.00 75.83 111.83 NOTE
r-devel-windows-x86_64 1.1.3 24.00 94.00 118.00 NOTE
r-patched-linux-x86_64 1.1.3 16.82 47.36 64.18 NOTE
r-release-linux-x86_64 1.1.3 16.13 47.45 63.58 NOTE
r-release-macos-arm64 1.1.3 10.00 39.00 49.00 NOTE
r-release-macos-x86_64 1.1.3 12.00 57.00 69.00 NOTE
r-release-windows-x86_64 1.1.3 23.00 91.00 114.00 NOTE
r-oldrel-macos-arm64 1.1.3 8.00 31.00 39.00 NOTE
r-oldrel-macos-x86_64 1.1.3 12.00 72.00 84.00 NOTE
r-oldrel-windows-x86_64 1.1.3 27.00 114.00 141.00 NOTE

Check Details

Version: 1.1.3
Check: Rd files
Result: NOTE checkRd: (-1) ISOpureS1.model_optimize.kappa.kappa_deriv_loglikelihood.Rd:9: Escaped LaTeX specials: \$ checkRd: (-1) ISOpureS1.model_optimize.kappa.kappa_deriv_loglikelihood.Rd:14: Escaped LaTeX specials: \$ checkRd: (-1) ISOpureS1.model_optimize.kappa.kappa_loglikelihood.Rd:11: Escaped LaTeX specials: \$ checkRd: (-1) ISOpureS2.model_optimize.kappa.kappa_deriv_loglikelihood.Rd:11: Escaped LaTeX specials: \$ checkRd: (-1) ISOpureS2.model_optimize.kappa.kappa_loglikelihood.Rd:11: Escaped LaTeX specials: \$ Flavors: r-devel-linux-x86_64-debian-clang, r-devel-linux-x86_64-debian-gcc, r-devel-linux-x86_64-fedora-clang, r-devel-linux-x86_64-fedora-gcc, r-devel-windows-x86_64, r-patched-linux-x86_64, r-release-linux-x86_64, r-release-macos-arm64, r-release-macos-x86_64, r-release-windows-x86_64, r-oldrel-macos-arm64, r-oldrel-macos-x86_64, r-oldrel-windows-x86_64