Last updated on 2024-07-18 01:55:33 CEST.
Flavor | Version | Tinstall | Tcheck | Ttotal | Status | Flags |
---|---|---|---|---|---|---|
r-devel-linux-x86_64-debian-clang | 1.1.0 | 4.02 | 54.41 | 58.43 | OK | |
r-devel-linux-x86_64-debian-gcc | 1.1.0 | 2.98 | 39.26 | 42.24 | OK | |
r-devel-linux-x86_64-fedora-clang | 1.1.0 | 71.18 | OK | |||
r-devel-linux-x86_64-fedora-gcc | 1.1.0 | 68.66 | OK | |||
r-devel-windows-x86_64 | 1.1.0 | 4.00 | 64.00 | 68.00 | NOTE | |
r-patched-linux-x86_64 | 1.1.0 | 5.03 | 50.46 | 55.49 | OK | |
r-release-linux-x86_64 | 1.1.0 | 2.96 | 52.50 | 55.46 | OK | |
r-release-macos-arm64 | 1.1.0 | 22.00 | OK | |||
r-release-macos-x86_64 | 1.1.0 | 32.00 | OK | |||
r-release-windows-x86_64 | 1.1.0 | 3.00 | 64.00 | 67.00 | OK | |
r-oldrel-macos-arm64 | 1.1.0 | 28.00 | OK | |||
r-oldrel-macos-x86_64 | 1.1.0 | 61.00 | OK | |||
r-oldrel-windows-x86_64 | 1.1.0 | 4.00 | 63.00 | 67.00 | OK |
Version: 1.1.0
Check: Rd cross-references
Result: NOTE
Found the following Rd file(s) with Rd \link{} targets missing package
anchors:
curvIPEC.Rd: hessian, jacobian, rms.curv
skewIPEC.Rd: ginv
Please provide package anchors for all Rd \link{} targets not in the
package itself and the base packages.
Flavor: r-devel-windows-x86_64