Last updated on 2024-07-18 01:55:33 CEST.
Flavor | Version | Tinstall | Tcheck | Ttotal | Status | Flags |
---|---|---|---|---|---|---|
r-devel-linux-x86_64-debian-clang | 1.0 | 7.56 | 69.81 | 77.37 | NOTE | |
r-devel-linux-x86_64-debian-gcc | 1.0 | 5.23 | 52.77 | 58.00 | NOTE | |
r-devel-linux-x86_64-fedora-clang | 1.0 | 93.80 | NOTE | |||
r-devel-linux-x86_64-fedora-gcc | 1.0 | 89.75 | NOTE | |||
r-devel-windows-x86_64 | 1.0 | 6.00 | 66.00 | 72.00 | NOTE | |
r-patched-linux-x86_64 | 1.0 | 6.84 | 66.02 | 72.86 | NOTE | |
r-release-linux-x86_64 | 1.0 | 4.99 | 64.82 | 69.81 | NOTE | |
r-release-macos-arm64 | 1.0 | 30.00 | NOTE | |||
r-release-macos-x86_64 | 1.0 | 45.00 | NOTE | |||
r-release-windows-x86_64 | 1.0 | 7.00 | 67.00 | 74.00 | NOTE | |
r-oldrel-macos-arm64 | 1.0 | 34.00 | NOTE | |||
r-oldrel-macos-x86_64 | 1.0 | 54.00 | NOTE | |||
r-oldrel-windows-x86_64 | 1.0 | 8.00 | 72.00 | 80.00 | NOTE |
Version: 1.0
Check: LazyData
Result: NOTE
'LazyData' is specified without a 'data' directory
Flavors: r-devel-linux-x86_64-debian-clang, r-devel-linux-x86_64-debian-gcc, r-devel-linux-x86_64-fedora-clang, r-devel-linux-x86_64-fedora-gcc, r-devel-windows-x86_64, r-patched-linux-x86_64, r-release-linux-x86_64, r-release-macos-arm64, r-release-macos-x86_64, r-release-windows-x86_64, r-oldrel-macos-arm64, r-oldrel-macos-x86_64, r-oldrel-windows-x86_64