Last updated on 2025-11-03 12:49:54 CET.
| Flavor | Version | Tinstall | Tcheck | Ttotal | Status | Flags | 
|---|---|---|---|---|---|---|
| r-devel-linux-x86_64-debian-clang | 0.1-12 | 5.91 | 50.06 | 55.97 | NOTE | |
| r-devel-linux-x86_64-debian-gcc | 0.1-12 | 4.59 | 38.15 | 42.74 | NOTE | |
| r-devel-linux-x86_64-fedora-clang | 0.1-12 | 25.00 | 67.35 | 92.35 | OK | |
| r-devel-linux-x86_64-fedora-gcc | 0.1-12 | 14.00 | 87.88 | 101.88 | OK | |
| r-devel-windows-x86_64 | 0.1-12 | 7.00 | 63.00 | 70.00 | OK | |
| r-patched-linux-x86_64 | 0.1-12 | 5.61 | 47.56 | 53.17 | OK | |
| r-release-linux-x86_64 | 0.1-12 | 5.16 | 47.85 | 53.01 | OK | |
| r-release-macos-arm64 | 0.1-12 | 3.00 | 27.00 | 30.00 | OK | |
| r-release-macos-x86_64 | 0.1-12 | 5.00 | 45.00 | 50.00 | OK | |
| r-release-windows-x86_64 | 0.1-12 | 8.00 | 62.00 | 70.00 | OK | |
| r-oldrel-macos-arm64 | 0.1-12 | 2.00 | 24.00 | 26.00 | NOTE | |
| r-oldrel-macos-x86_64 | 0.1-12 | 4.00 | 33.00 | 37.00 | NOTE | |
| r-oldrel-windows-x86_64 | 0.1-12 | 10.00 | 78.00 | 88.00 | OK | 
Version: 0.1-12
Check: CRAN incoming feasibility
Result: NOTE
  Maintainer: ‘Virgilio Gómez-Rubio <virgilio.gomez@uclm.es>’
  
  No Authors@R field in DESCRIPTION.
  Please add one, modifying
    Authors@R: c(person(given = "Virgilio",
                        family = "Gómez-Rubio",
                        role = c("aut", "cre"),
                        email = "virgilio.gomez@uclm.es"),
                 person(given = "Roger",
                        family = "Bivand",
                        role = "aut",
                        email = "Roger.Bivand@nhh.no"))
  as necessary.
Flavors: r-devel-linux-x86_64-debian-clang, r-devel-linux-x86_64-debian-gcc
Version: 0.1-12
Check: package dependencies
Result: NOTE
  Package suggested but not available for checking: ‘INLA’
Flavors: r-oldrel-macos-arm64, r-oldrel-macos-x86_64