Last updated on 2025-10-21 00:50:03 CEST.
Flavor | Version | Tinstall | Tcheck | Ttotal | Status | Flags |
---|---|---|---|---|---|---|
r-devel-linux-x86_64-debian-clang | 0.2.0 | 2.01 | 22.53 | 24.54 | OK | |
r-devel-linux-x86_64-debian-gcc | 0.2.0 | 1.62 | 17.62 | 19.24 | NOTE | |
r-devel-linux-x86_64-fedora-clang | 0.2.0 | 34.90 | OK | |||
r-devel-linux-x86_64-fedora-gcc | 0.2.0 | 33.67 | OK | |||
r-devel-windows-x86_64 | 0.2.0 | 3.00 | 38.00 | 41.00 | OK | |
r-patched-linux-x86_64 | 0.2.0 | 2.22 | 20.97 | 23.19 | OK | |
r-release-linux-x86_64 | 0.2.0 | 1.99 | 20.92 | 22.91 | OK | |
r-release-macos-arm64 | 0.2.0 | 15.00 | OK | |||
r-release-macos-x86_64 | 0.2.0 | 23.00 | OK | |||
r-release-windows-x86_64 | 0.2.0 | 3.00 | 39.00 | 42.00 | OK | |
r-oldrel-macos-arm64 | 0.2.0 | 13.00 | OK | |||
r-oldrel-macos-x86_64 | 0.2.0 | 22.00 | OK | |||
r-oldrel-windows-x86_64 | 0.2.0 | 6.00 | 42.00 | 48.00 | OK |
Version: 0.2.0
Check: HTML version of manual
Result: NOTE
Found the following HTML validation problems:
av_income_simple.html:53:1 (av_income_simple.Rd:14): Warning: missing </ul> before </div>
density_development.html:83:1 (density_development.Rd:29): Warning: missing </ul> before </div>
productivity.html:78:1 (productivity.Rd:26): Warning: missing </ul> before </div>
Flavor: r-devel-linux-x86_64-debian-gcc