Last updated on 2024-06-14 13:56:22 CEST.
Flavor | Version | Tinstall | Tcheck | Ttotal | Status | Flags |
---|---|---|---|---|---|---|
r-devel-linux-x86_64-debian-clang | 0.5.1 | 11.63 | 110.08 | 121.71 | NOTE | |
r-devel-linux-x86_64-debian-gcc | 0.5.1 | 8.46 | 78.57 | 87.03 | NOTE | |
r-devel-linux-x86_64-fedora-clang | 0.5.1 | 142.74 | NOTE | |||
r-devel-linux-x86_64-fedora-gcc | 0.5.1 | 135.11 | NOTE | |||
r-devel-windows-x86_64 | 0.5.1 | 10.00 | 89.00 | 99.00 | NOTE | |
r-patched-linux-x86_64 | 0.5.1 | 8.37 | 102.93 | 111.30 | NOTE | |
r-release-linux-x86_64 | 0.5.1 | 10.36 | 103.45 | 113.81 | NOTE | |
r-release-macos-arm64 | 0.5.1 | 42.00 | NOTE | |||
r-release-macos-x86_64 | 0.5.1 | 62.00 | NOTE | |||
r-release-windows-x86_64 | 0.5.1 | 10.00 | 96.00 | 106.00 | NOTE | |
r-oldrel-macos-arm64 | 0.5.1 | 54.00 | NOTE | |||
r-oldrel-macos-x86_64 | 0.5.1 | 83.00 | NOTE | |||
r-oldrel-windows-x86_64 | 0.5.1 | 12.00 | 106.00 | 118.00 | NOTE |
Version: 0.5.1
Check: LazyData
Result: NOTE
'LazyData' is specified without a 'data' directory
Flavors: r-devel-linux-x86_64-debian-clang, r-devel-linux-x86_64-debian-gcc, r-devel-linux-x86_64-fedora-clang, r-devel-linux-x86_64-fedora-gcc, r-devel-windows-x86_64, r-patched-linux-x86_64, r-release-linux-x86_64, r-release-macos-arm64, r-release-macos-x86_64, r-release-windows-x86_64, r-oldrel-macos-arm64, r-oldrel-macos-x86_64, r-oldrel-windows-x86_64
Version: 0.5.1
Check: package dependencies
Result: NOTE
Package suggested but not available for checking: ‘LTRCtrees’
Flavor: r-oldrel-macos-x86_64
Version: 0.5.1
Check: Rd cross-references
Result: NOTE
Package unavailable to check Rd xrefs: ‘LTRCtrees’
Flavor: r-oldrel-macos-x86_64