Last updated on 2025-11-03 12:49:54 CET.
| Flavor | Version | Tinstall | Tcheck | Ttotal | Status | Flags | 
|---|---|---|---|---|---|---|
| r-devel-linux-x86_64-debian-clang | 1.1.5 | 2.45 | 24.85 | 27.30 | NOTE | |
| r-devel-linux-x86_64-debian-gcc | 1.1.5 | 1.82 | 19.54 | 21.36 | NOTE | |
| r-devel-linux-x86_64-fedora-clang | 1.1.5 | 12.00 | 30.03 | 42.03 | OK | |
| r-devel-linux-x86_64-fedora-gcc | 1.1.5 | 36.09 | OK | |||
| r-devel-windows-x86_64 | 1.1.5 | 3.00 | 42.00 | 45.00 | OK | |
| r-patched-linux-x86_64 | 1.1.5 | 2.68 | 23.19 | 25.87 | OK | |
| r-release-linux-x86_64 | 1.1.5 | 2.25 | 23.29 | 25.54 | OK | |
| r-release-macos-arm64 | 1.1.5 | 1.00 | 15.00 | 16.00 | OK | |
| r-release-macos-x86_64 | 1.1.5 | 2.00 | 25.00 | 27.00 | OK | |
| r-release-windows-x86_64 | 1.1.5 | 4.00 | 42.00 | 46.00 | OK | |
| r-oldrel-macos-arm64 | 1.1.5 | 1.00 | 14.00 | 15.00 | OK | |
| r-oldrel-macos-x86_64 | 1.1.5 | 2.00 | 24.00 | 26.00 | OK | |
| r-oldrel-windows-x86_64 | 1.1.5 | 5.00 | 48.00 | 53.00 | OK | 
Version: 1.1.5
Check: CRAN incoming feasibility
Result: NOTE
  Maintainer: ‘Adam Kapelner <kapelner@qc.cuny.edu>’
  
  No Authors@R field in DESCRIPTION.
  Please add one, modifying
    Authors@R: c(person(given = "Alex",
                        family = "Goldstein",
                        role = "aut"),
                 person(given = "Adam",
                        family = "Kapelner",
                        role = c("aut", "cre"),
                        email = "kapelner@qc.cuny.edu"),
                 person(given = "Justin",
                        family = "Bleich",
                        role = "aut"))
  as necessary.
  
  Package CITATION file contains call(s) to old-style personList() or
  as.personList().  Please use c() on person objects instead.
  Package CITATION file contains call(s) to old-style citEntry().  Please
  use bibentry() instead.
Flavors: r-devel-linux-x86_64-debian-clang, r-devel-linux-x86_64-debian-gcc