Last updated on 2025-07-04 00:50:05 CEST.
Flavor | Version | Tinstall | Tcheck | Ttotal | Status | Flags |
---|---|---|---|---|---|---|
r-devel-linux-x86_64-debian-clang | 3.0-13 | 22.75 | 167.93 | 190.68 | NOTE | |
r-devel-linux-x86_64-debian-gcc | 3.0-13 | 14.17 | 113.25 | 127.42 | NOTE | |
r-devel-linux-x86_64-fedora-clang | 3.0-13 | 296.95 | NOTE | |||
r-devel-linux-x86_64-fedora-gcc | 3.0-13 | 286.07 | NOTE | |||
r-devel-windows-x86_64 | 3.0-13 | 22.00 | 150.00 | 172.00 | NOTE | |
r-patched-linux-x86_64 | 3.0-13 | 20.34 | 157.50 | 177.84 | NOTE | |
r-release-linux-x86_64 | 3.0-13 | 20.24 | 159.48 | 179.72 | NOTE | |
r-release-macos-arm64 | 3.0-13 | 86.00 | NOTE | |||
r-release-macos-x86_64 | 3.0-13 | 148.00 | NOTE | |||
r-release-windows-x86_64 | 3.0-13 | 23.00 | 157.00 | 180.00 | NOTE | |
r-oldrel-macos-arm64 | 3.0-13 | 73.00 | NOTE | |||
r-oldrel-macos-x86_64 | 3.0-13 | 118.00 | NOTE | |||
r-oldrel-windows-x86_64 | 3.0-13 | 32.00 | 201.00 | 233.00 | NOTE |
Version: 3.0-13
Check: Rd files
Result: NOTE
checkRd: (-1) sampleMcmc.Rd:93: Lost braces; missing escapes or markup?
93 | disable some of them, by adding a \code{$UPDATER_NAME=FALSE} pair to the {updater} argument. Another usage of
| ^
Flavors: r-devel-linux-x86_64-debian-clang, r-devel-linux-x86_64-debian-gcc, r-devel-linux-x86_64-fedora-clang, r-devel-linux-x86_64-fedora-gcc, r-devel-windows-x86_64, r-patched-linux-x86_64, r-release-linux-x86_64, r-release-macos-arm64, r-release-macos-x86_64, r-release-windows-x86_64, r-oldrel-macos-arm64, r-oldrel-macos-x86_64, r-oldrel-windows-x86_64
Version: 3.0-13
Check: Rd cross-references
Result: NOTE
Found the following Rd file(s) with Rd \link{} targets missing package
anchors:
plotBeta.Rd: image.plot
plotGamma.Rd: image.plot
Please provide package anchors for all Rd \link{} targets not in the
package itself and the base packages.
Flavors: r-devel-linux-x86_64-debian-clang, r-devel-linux-x86_64-debian-gcc, r-devel-windows-x86_64, r-patched-linux-x86_64, r-release-linux-x86_64, r-release-windows-x86_64