Last updated on 2024-07-18 01:55:33 CEST.
Flavor | Version | Tinstall | Tcheck | Ttotal | Status | Flags |
---|---|---|---|---|---|---|
r-devel-linux-x86_64-debian-clang | 6.1 | 21.41 | 161.39 | 182.80 | OK | |
r-devel-linux-x86_64-debian-gcc | 6.1 | 19.39 | 113.69 | 133.08 | OK | |
r-devel-linux-x86_64-fedora-clang | 6.1 | 222.61 | NOTE | |||
r-devel-linux-x86_64-fedora-gcc | 6.1 | 207.70 | OK | |||
r-devel-windows-x86_64 | 6.1 | 23.00 | 146.00 | 169.00 | OK | |
r-patched-linux-x86_64 | 6.1 | 22.96 | 146.92 | 169.88 | OK | |
r-release-linux-x86_64 | 6.1 | 20.43 | 149.61 | 170.04 | OK | |
r-release-macos-arm64 | 6.1 | 77.00 | OK | |||
r-release-macos-x86_64 | 6.1 | 112.00 | OK | |||
r-release-windows-x86_64 | 6.1 | 21.00 | 144.00 | 165.00 | OK | |
r-oldrel-macos-arm64 | 6.1 | 91.00 | OK | |||
r-oldrel-macos-x86_64 | 6.1 | 138.00 | OK | |||
r-oldrel-windows-x86_64 | 6.1 | 28.00 | 178.00 | 206.00 | OK |
Version: 6.1
Check: Rd cross-references
Result: NOTE
Undeclared package ‘sp’ in Rd xrefs
Flavor: r-devel-linux-x86_64-fedora-clang