CRAN Package Check Results for Package HazardDiff

Last updated on 2025-07-02 12:52:03 CEST.

Flavor Version Tinstall Tcheck Ttotal Status Flags
r-devel-linux-x86_64-debian-clang 0.1.0 2.43 25.07 27.50 NOTE
r-devel-linux-x86_64-debian-gcc 0.1.0 1.63 19.91 21.54 NOTE
r-devel-linux-x86_64-fedora-clang 0.1.0 41.02 OK
r-devel-linux-x86_64-fedora-gcc 0.1.0 40.22 OK
r-devel-windows-x86_64 0.1.0 4.00 44.00 48.00 OK
r-patched-linux-x86_64 OK
r-release-linux-x86_64 0.1.0 2.06 24.02 26.08 OK
r-release-macos-arm64 0.1.0 23.00 OK
r-release-macos-x86_64 0.1.0 27.00 OK
r-release-windows-x86_64 0.1.0 4.00 44.00 48.00 OK
r-oldrel-macos-arm64 0.1.0 17.00 OK
r-oldrel-macos-x86_64 0.1.0 25.00 OK
r-oldrel-windows-x86_64 0.1.0 4.00 49.00 53.00 OK

Check Details

Version: 0.1.0
Check: CRAN incoming feasibility
Result: NOTE Maintainer: ‘Denise Rava <drava@ucsd.edu>’ The Description field contains R. (2021) <arXiv:2112.09535>. Please refer to arXiv e-prints via their arXiv DOI <doi:10.48550/arXiv.YYMM.NNNNN>. Flavors: r-devel-linux-x86_64-debian-clang, r-devel-linux-x86_64-debian-gcc