CRAN Package Check Results for Package GSMX

Last updated on 2025-07-04 00:50:05 CEST.

Flavor Version Tinstall Tcheck Ttotal Status Flags
r-devel-linux-x86_64-debian-clang 1.3 1.75 21.68 23.43 NOTE
r-devel-linux-x86_64-debian-gcc 1.3 1.39 18.15 19.54 NOTE
r-devel-linux-x86_64-fedora-clang 1.3 34.44 OK
r-devel-linux-x86_64-fedora-gcc 1.3 33.90 OK
r-devel-windows-x86_64 1.3 4.00 43.00 47.00 OK
r-patched-linux-x86_64 1.3 1.57 20.34 21.91 OK
r-release-linux-x86_64 1.3 1.60 20.70 22.30 OK
r-release-macos-arm64 1.3 16.00 OK
r-release-macos-x86_64 1.3 25.00 OK
r-release-windows-x86_64 1.3 3.00 42.00 45.00 OK
r-oldrel-macos-arm64 1.3 15.00 OK
r-oldrel-macos-x86_64 1.3 22.00 OK
r-oldrel-windows-x86_64 1.3 2.00 46.00 48.00 OK

Check Details

Version: 1.3
Check: CRAN incoming feasibility
Result: NOTE Maintainer: ‘Zhenyu Jia <ajia.ucr@gmail.com>’ No Authors@R field in DESCRIPTION. Please add one, modifying Authors@R: person(given = "Zhenyu", family = "Jia", role = c("aut", "cre"), email = "ajia.ucr@gmail.com") as necessary. Flavors: r-devel-linux-x86_64-debian-clang, r-devel-linux-x86_64-debian-gcc