Last updated on 2024-07-18 01:55:32 CEST.
Flavor | Version | Tinstall | Tcheck | Ttotal | Status | Flags |
---|---|---|---|---|---|---|
r-devel-linux-x86_64-debian-clang | 4.2-1 | 96.26 | 84.65 | 180.91 | OK | |
r-devel-linux-x86_64-debian-gcc | 4.2-1 | 69.45 | 61.63 | 131.08 | OK | |
r-devel-linux-x86_64-fedora-clang | 4.2-1 | 267.12 | OK | |||
r-devel-linux-x86_64-fedora-gcc | 4.2-1 | 265.96 | OK | |||
r-devel-windows-x86_64 | 4.2-1 | 81.00 | 98.00 | 179.00 | OK | |
r-patched-linux-x86_64 | 4.2-1 | 79.18 | 80.99 | 160.17 | OK | |
r-release-linux-x86_64 | 4.2-1 | 82.65 | 78.45 | 161.10 | OK | |
r-release-macos-arm64 | 4.2-1 | 57.00 | OK | |||
r-release-macos-x86_64 | 4.2-1 | 88.00 | NOTE | |||
r-release-windows-x86_64 | 4.2-1 | 83.00 | 101.00 | 184.00 | OK | |
r-oldrel-macos-arm64 | 4.2-1 | 68.00 | NOTE | |||
r-oldrel-macos-x86_64 | 4.2-1 | 112.00 | NOTE | |||
r-oldrel-windows-x86_64 | 4.2-1 | 100.00 | 120.00 | 220.00 | OK |
Version: 4.2-1
Check: installed package size
Result: NOTE
installed size is 5.2Mb
sub-directories of 1Mb or more:
libs 4.6Mb
Flavors: r-release-macos-x86_64, r-oldrel-macos-arm64, r-oldrel-macos-x86_64