Last updated on 2024-07-18 01:55:32 CEST.
Flavor | Version | Tinstall | Tcheck | Ttotal | Status | Flags |
---|---|---|---|---|---|---|
r-devel-linux-x86_64-debian-clang | 1.2.0 | 58.09 | 102.21 | 160.30 | NOTE | |
r-devel-linux-x86_64-debian-gcc | 1.2.0 | 42.69 | 73.11 | 115.80 | NOTE | |
r-devel-linux-x86_64-fedora-clang | 1.2.0 | 209.04 | NOTE | |||
r-devel-linux-x86_64-fedora-gcc | 1.2.0 | 205.21 | NOTE | |||
r-devel-windows-x86_64 | 1.2.0 | 42.00 | 110.00 | 152.00 | NOTE | |
r-patched-linux-x86_64 | 1.2.0 | 48.27 | 95.26 | 143.53 | NOTE | |
r-release-linux-x86_64 | 1.2.0 | 33.18 | 93.64 | 126.82 | NOTE | |
r-release-macos-arm64 | 1.2.0 | 48.00 | NOTE | |||
r-release-macos-x86_64 | 1.2.0 | 118.00 | NOTE | |||
r-release-windows-x86_64 | 1.2.0 | 47.00 | 106.00 | 153.00 | NOTE | |
r-oldrel-macos-arm64 | 1.2.0 | 64.00 | OK | |||
r-oldrel-macos-x86_64 | 1.2.0 | 92.00 | OK | |||
r-oldrel-windows-x86_64 | 1.2.0 | 58.00 | 131.00 | 189.00 | OK |
Version: 1.2.0
Check: Rd files
Result: NOTE
checkRd: (-1) solve_game.Rd:86: Lost braces in \itemize; \value handles \item{}{} directly
checkRd: (-1) solve_game.Rd:87: Lost braces in \itemize; \value handles \item{}{} directly
checkRd: (-1) solve_game.Rd:88: Lost braces in \itemize; \value handles \item{}{} directly
checkRd: (-1) solve_game.Rd:89: Lost braces in \itemize; \value handles \item{}{} directly
checkRd: (-1) solve_game.Rd:90: Lost braces in \itemize; \value handles \item{}{} directly
Flavors: r-devel-linux-x86_64-debian-clang, r-devel-linux-x86_64-debian-gcc, r-devel-linux-x86_64-fedora-clang, r-devel-linux-x86_64-fedora-gcc, r-devel-windows-x86_64, r-patched-linux-x86_64, r-release-linux-x86_64, r-release-macos-arm64, r-release-macos-x86_64, r-release-windows-x86_64