Last updated on 2025-11-03 12:49:53 CET.
| Flavor | Version | Tinstall | Tcheck | Ttotal | Status | Flags | 
|---|---|---|---|---|---|---|
| r-devel-linux-x86_64-debian-clang | 2.0 | 7.27 | 61.68 | 68.95 | NOTE | |
| r-devel-linux-x86_64-debian-gcc | 2.0 | 5.52 | 46.07 | 51.59 | NOTE | |
| r-devel-linux-x86_64-fedora-clang | 2.0 | 14.00 | 91.01 | 105.01 | OK | |
| r-devel-linux-x86_64-fedora-gcc | 2.0 | 15.00 | 85.69 | 100.69 | OK | |
| r-devel-windows-x86_64 | 2.0 | 8.00 | 72.00 | 80.00 | OK | |
| r-patched-linux-x86_64 | 2.0 | 7.08 | 59.17 | 66.25 | OK | |
| r-release-linux-x86_64 | 2.0 | 6.17 | 59.75 | 65.92 | OK | |
| r-release-macos-arm64 | 2.0 | 4.00 | 34.00 | 38.00 | OK | |
| r-release-macos-x86_64 | 2.0 | 7.00 | 59.00 | 66.00 | OK | |
| r-release-windows-x86_64 | 2.0 | 8.00 | 71.00 | 79.00 | OK | |
| r-oldrel-macos-arm64 | 2.0 | 3.00 | 29.00 | 32.00 | OK | |
| r-oldrel-macos-x86_64 | 2.0 | 5.00 | 46.00 | 51.00 | OK | |
| r-oldrel-windows-x86_64 | 2.0 | 11.00 | 88.00 | 99.00 | OK | 
Version: 2.0
Check: CRAN incoming feasibility
Result: NOTE
  Maintainer: ‘Jie Zhou <zhoujie02569@gmail.com>’
  
  No Authors@R field in DESCRIPTION.
  Please add one, modifying
    Authors@R: c(person(given = "Jie",
                        family = "Zhou",
                        role = c("aut", "cre"),
                        email = "zhoujie02569@gmail.com"),
                 person(given = "Jiajia",
                        family = "Zhang",
                        role = "aut"),
                 person(given = "Wenbin",
                        family = "Lu",
                        role = "aut"))
  as necessary.
  
  Found the following \keyword or \concept entries
  which likely give several index terms:
    File ‘GORCure-package.Rd’:
      \keyword{ package, linear transformation model, mi [TRUNCATED]
Flavors: r-devel-linux-x86_64-debian-clang, r-devel-linux-x86_64-debian-gcc