Last updated on 2025-11-03 12:49:53 CET.
| Flavor | Version | Tinstall | Tcheck | Ttotal | Status | Flags | 
|---|---|---|---|---|---|---|
| r-devel-linux-x86_64-debian-clang | 0.5 | 14.84 | 128.37 | 143.21 | NOTE | |
| r-devel-linux-x86_64-debian-gcc | 0.5 | 11.38 | 89.31 | 100.69 | NOTE | |
| r-devel-linux-x86_64-fedora-clang | 0.5 | 28.00 | 193.68 | 221.68 | NOTE | |
| r-devel-linux-x86_64-fedora-gcc | 0.5 | 30.00 | 178.49 | 208.49 | NOTE | |
| r-devel-windows-x86_64 | 0.5 | 14.00 | 116.00 | 130.00 | NOTE | |
| r-patched-linux-x86_64 | 0.5 | 13.29 | 119.84 | 133.13 | NOTE | |
| r-release-linux-x86_64 | 0.5 | 13.84 | 119.64 | 133.48 | NOTE | |
| r-release-macos-arm64 | 0.5 | 7.00 | 51.00 | 58.00 | NOTE | |
| r-release-macos-x86_64 | 0.5 | 20.00 | 154.00 | 174.00 | NOTE | |
| r-release-windows-x86_64 | 0.5 | 14.00 | 114.00 | 128.00 | NOTE | |
| r-oldrel-macos-arm64 | 0.5 | 6.00 | 51.00 | 57.00 | NOTE | |
| r-oldrel-macos-x86_64 | 0.5 | 16.00 | 115.00 | 131.00 | NOTE | |
| r-oldrel-windows-x86_64 | 0.5 | 19.00 | 147.00 | 166.00 | NOTE | 
Version: 0.5
Check: Rd files
Result: NOTE
  checkRd: (-1) MODFIT.Rd:33: Lost braces; missing escapes or markup?
      33 |   {chisq_i = sum( (O_iz - E_iz)^2 / E_iz; z = 0, ..., C ), }
         |   ^
  checkRd: (-1) probs.GGUM.Rd:27: Lost braces; missing escapes or markup?
      27 |   GUM-based probabilities just constrain alpha to a unit vector of length {I}
         |                                                                           ^
Flavors: r-devel-linux-x86_64-debian-clang, r-devel-linux-x86_64-debian-gcc, r-devel-linux-x86_64-fedora-clang, r-devel-linux-x86_64-fedora-gcc, r-devel-windows-x86_64, r-patched-linux-x86_64, r-release-linux-x86_64, r-release-macos-arm64, r-release-macos-x86_64, r-release-windows-x86_64, r-oldrel-macos-arm64, r-oldrel-macos-x86_64, r-oldrel-windows-x86_64