Last updated on 2025-11-03 12:49:52 CET.
| Flavor | Version | Tinstall | Tcheck | Ttotal | Status | Flags | 
|---|---|---|---|---|---|---|
| r-devel-linux-x86_64-debian-clang | 3.3-0 | 37.27 | 293.13 | 330.40 | OK | |
| r-devel-linux-x86_64-debian-gcc | 3.3-0 | 21.74 | 188.68 | 210.42 | OK | |
| r-devel-linux-x86_64-fedora-clang | 3.3-0 | 70.00 | 438.49 | 508.49 | OK | |
| r-devel-linux-x86_64-fedora-gcc | 3.3-0 | 72.00 | 442.09 | 514.09 | OK | |
| r-devel-windows-x86_64 | 3.3-0 | 33.00 | 329.00 | 362.00 | OK | |
| r-patched-linux-x86_64 | 3.3-0 | 33.77 | 273.14 | 306.91 | OK | |
| r-release-linux-x86_64 | 3.3-0 | 32.69 | 275.36 | 308.05 | OK | |
| r-release-macos-arm64 | 3.3-0 | 15.00 | 143.00 | 158.00 | OK | |
| r-release-macos-x86_64 | 3.3-0 | 32.00 | 223.00 | 255.00 | OK | |
| r-release-windows-x86_64 | 3.3-0 | 32.00 | 334.00 | 366.00 | OK | |
| r-oldrel-macos-arm64 | 3.3-0 | 13.00 | 149.00 | 162.00 | NOTE | |
| r-oldrel-macos-x86_64 | 3.3-0 | 33.00 | 309.00 | 342.00 | NOTE | |
| r-oldrel-windows-x86_64 | 3.3-0 | 47.00 | 410.00 | 457.00 | NOTE | 
Version: 3.3-0
Check: installed package size
Result: NOTE
    installed size is 11.0Mb
    sub-directories of 1Mb or more:
      R     2.1Mb
      doc   7.3Mb
Flavors: r-oldrel-macos-arm64, r-oldrel-macos-x86_64, r-oldrel-windows-x86_64