Last updated on 2025-07-04 00:50:04 CEST.
Flavor | Version | Tinstall | Tcheck | Ttotal | Status | Flags |
---|---|---|---|---|---|---|
r-devel-linux-x86_64-debian-clang | 2.0.1 | 8.36 | 96.33 | 104.69 | NOTE | |
r-devel-linux-x86_64-debian-gcc | 2.0.1 | 5.56 | 68.82 | 74.38 | NOTE | |
r-devel-linux-x86_64-fedora-clang | 2.0.1 | 155.52 | OK | |||
r-devel-linux-x86_64-fedora-gcc | 2.0.1 | 172.12 | OK | |||
r-devel-windows-x86_64 | 2.0.1 | 8.00 | 108.00 | 116.00 | OK | |
r-patched-linux-x86_64 | 2.0.1 | 7.95 | 93.08 | 101.03 | OK | |
r-release-linux-x86_64 | 2.0.1 | 6.94 | 92.72 | 99.66 | OK | |
r-release-macos-arm64 | 2.0.1 | 62.00 | OK | |||
r-release-macos-x86_64 | 2.0.1 | 98.00 | OK | |||
r-release-windows-x86_64 | 2.0.1 | 9.00 | 110.00 | 119.00 | OK | |
r-oldrel-macos-arm64 | 2.0.1 | 50.00 | OK | |||
r-oldrel-macos-x86_64 | 2.0.1 | 84.00 | OK | |||
r-oldrel-windows-x86_64 | 2.0.1 | 11.00 | 139.00 | 150.00 | OK |
Version: 2.0.1
Check: CRAN incoming feasibility
Result: NOTE
Maintainer: ‘Dandi Qiao <redaq@channing.harvard.edu>’
No Authors@R field in DESCRIPTION.
Please add one, modifying
Authors@R: c(person(given = "Dandi",
family = "Qiao",
role = c("aut", "cre"),
email = "redaq@channing.harvard.edu"),
person(given = c("Michael", "H."),
family = "Cho",
role = "aut"))
as necessary.
Flavors: r-devel-linux-x86_64-debian-clang, r-devel-linux-x86_64-debian-gcc