Last updated on 2025-11-03 12:49:52 CET.
| Flavor | Version | Tinstall | Tcheck | Ttotal | Status | Flags |
|---|---|---|---|---|---|---|
| r-devel-linux-x86_64-debian-clang | 0.9.5 | 5.99 | 34.56 | 40.55 | OK | |
| r-devel-linux-x86_64-debian-gcc | 0.9.5 | 4.24 | 27.10 | 31.34 | OK | |
| r-devel-linux-x86_64-fedora-clang | 0.9.5 | 14.00 | 46.34 | 60.34 | OK | |
| r-devel-linux-x86_64-fedora-gcc | 0.9.5 | 13.00 | 76.53 | 89.53 | OK | |
| r-devel-windows-x86_64 | 0.9.5 | 6.00 | 58.00 | 64.00 | OK | |
| r-patched-linux-x86_64 | 0.9.5 | 5.85 | 32.32 | 38.17 | OK | |
| r-release-linux-x86_64 | 0.9.5 | 5.43 | 32.95 | 38.38 | OK | |
| r-release-macos-arm64 | 0.9.5 | 2.00 | 30.00 | 32.00 | OK | |
| r-release-macos-x86_64 | 0.9.5 | 6.00 | 51.00 | 57.00 | OK | |
| r-release-windows-x86_64 | 0.9.5 | 8.00 | 58.00 | 66.00 | OK | |
| r-oldrel-macos-arm64 | 0.9.5 | 2.00 | 27.00 | 29.00 | NOTE | |
| r-oldrel-macos-x86_64 | 0.9.5 | 4.00 | 41.00 | 45.00 | NOTE | |
| r-oldrel-windows-x86_64 | 0.9.5 | 7.00 | 66.00 | 73.00 | NOTE |
Version: 0.9.5
Check: LazyData
Result: NOTE
'LazyData' is specified without a 'data' directory
Flavors: r-oldrel-macos-arm64, r-oldrel-macos-x86_64, r-oldrel-windows-x86_64