Last updated on 2024-08-17 02:48:14 CEST.
Flavor | Version | Tinstall | Tcheck | Ttotal | Status | Flags |
---|---|---|---|---|---|---|
r-devel-linux-x86_64-debian-clang | 1.2-3 | 74.94 | 70.20 | 145.14 | NOTE | |
r-devel-linux-x86_64-debian-gcc | 1.2-3 | 59.59 | 54.51 | 114.10 | NOTE | |
r-devel-linux-x86_64-fedora-clang | 1.2-3 | 239.59 | NOTE | |||
r-devel-linux-x86_64-fedora-gcc | 1.2-3 | 237.33 | OK | |||
r-devel-windows-x86_64 | 1.2-3 | 72.00 | 85.00 | 157.00 | NOTE | |
r-patched-linux-x86_64 | 1.2-3 | 80.90 | 68.85 | 149.75 | OK | |
r-release-linux-x86_64 | 1.2-3 | 74.77 | 69.19 | 143.96 | OK | |
r-release-macos-arm64 | 1.2-3 | 91.00 | NOTE | |||
r-release-macos-x86_64 | 1.2-3 | 114.00 | NOTE | |||
r-release-windows-x86_64 | 1.2-3 | 80.00 | 84.00 | 164.00 | NOTE | |
r-oldrel-macos-arm64 | 1.2-3 | 99.00 | NOTE | |||
r-oldrel-macos-x86_64 | 1.2-3 | 256.00 | NOTE | |||
r-oldrel-windows-x86_64 | 1.2-3 | 101.00 | 97.00 | 198.00 | NOTE |
Version: 1.2-3
Check: Rd cross-references
Result: NOTE
Found the following Rd file(s) with Rd \link{} targets missing package
anchors:
Catalogues.Rd: FrF2
Please provide package anchors for all Rd \link{} targets not in the
package itself and the base packages.
Flavors: r-devel-linux-x86_64-debian-clang, r-devel-linux-x86_64-debian-gcc, r-devel-windows-x86_64
Version: 1.2-3
Check: installed package size
Result: NOTE
installed size is 5.8Mb
sub-directories of 1Mb or more:
R 5.7Mb
Flavors: r-devel-linux-x86_64-fedora-clang, r-devel-windows-x86_64, r-release-macos-arm64, r-release-macos-x86_64, r-release-windows-x86_64, r-oldrel-macos-arm64, r-oldrel-macos-x86_64, r-oldrel-windows-x86_64