Last updated on 2025-11-03 12:49:52 CET.
| Flavor | Version | Tinstall | Tcheck | Ttotal | Status | Flags | 
|---|---|---|---|---|---|---|
| r-devel-linux-x86_64-debian-clang | 1.1.2 | 9.03 | 70.98 | 80.01 | OK | |
| r-devel-linux-x86_64-debian-gcc | 1.1.2 | 6.23 | 51.81 | 58.04 | OK | |
| r-devel-linux-x86_64-fedora-clang | 1.1.2 | 33.00 | 94.28 | 127.28 | NOTE | |
| r-devel-linux-x86_64-fedora-gcc | 1.1.2 | 19.00 | 105.07 | 124.07 | NOTE | |
| r-devel-windows-x86_64 | 1.1.2 | 10.00 | 76.00 | 86.00 | OK | |
| r-patched-linux-x86_64 | 1.1.2 | 7.48 | 64.63 | 72.11 | OK | |
| r-release-linux-x86_64 | 1.1.2 | 0.34 | 2.00 | 2.34 | ERROR | |
| r-release-macos-arm64 | 1.1.2 | 3.00 | 36.00 | 39.00 | OK | |
| r-release-macos-x86_64 | 1.1.2 | 5.00 | 63.00 | 68.00 | OK | |
| r-release-windows-x86_64 | 1.1.2 | 10.00 | 74.00 | 84.00 | OK | |
| r-oldrel-macos-arm64 | 1.1.2 | 2.00 | 28.00 | 30.00 | OK | |
| r-oldrel-macos-x86_64 | 1.1.2 | 3.00 | 40.00 | 43.00 | OK | |
| r-oldrel-windows-x86_64 | 1.1.2 | 13.00 | 98.00 | 111.00 | OK | 
Version: 1.1.2
Check: dependencies in R code
Result: NOTE
  Namespaces in Imports field not imported from:
    ‘TreeSim’ ‘shinyjs’
    All declared Imports should be used.
Flavors: r-devel-linux-x86_64-fedora-clang, r-devel-linux-x86_64-fedora-gcc
Version: 1.1.2
Check: package dependencies
Result: ERROR
  Package required but not available: ‘FossilSim’
  
  See section ‘The DESCRIPTION file’ in the ‘Writing R Extensions’
  manual.
Flavor: r-release-linux-x86_64