Last updated on 2025-11-03 12:49:52 CET.
| Flavor | Version | Tinstall | Tcheck | Ttotal | Status | Flags | 
|---|---|---|---|---|---|---|
| r-devel-linux-x86_64-debian-clang | 0.1.0 | 3.77 | 33.64 | 37.41 | NOTE | |
| r-devel-linux-x86_64-debian-gcc | 0.1.0 | 3.17 | 25.98 | 29.15 | NOTE | |
| r-devel-linux-x86_64-fedora-clang | 0.1.0 | 19.00 | 40.90 | 59.90 | OK | |
| r-devel-linux-x86_64-fedora-gcc | 0.1.0 | 52.10 | OK | |||
| r-devel-windows-x86_64 | 0.1.0 | 5.00 | 48.00 | 53.00 | OK | |
| r-patched-linux-x86_64 | 0.1.0 | 3.83 | 31.76 | 35.59 | OK | |
| r-release-linux-x86_64 | 0.1.0 | 3.93 | 31.71 | 35.64 | OK | |
| r-release-macos-arm64 | 0.1.0 | 2.00 | 20.00 | 22.00 | OK | |
| r-release-macos-x86_64 | 0.1.0 | 3.00 | 34.00 | 37.00 | OK | |
| r-release-windows-x86_64 | 0.1.0 | 5.00 | 47.00 | 52.00 | OK | |
| r-oldrel-macos-arm64 | 0.1.0 | 2.00 | 19.00 | 21.00 | OK | |
| r-oldrel-macos-x86_64 | 0.1.0 | 3.00 | 26.00 | 29.00 | OK | |
| r-oldrel-windows-x86_64 | 0.1.0 | 6.00 | 56.00 | 62.00 | OK | 
Version: 0.1.0
Check: CRAN incoming feasibility
Result: NOTE
  Maintainer: ‘Marcos Bella-Fernández <marcosbellafernandez@gmail.com>’
  
  No Authors@R field in DESCRIPTION.
  Please add one, modifying
    Authors@R: person(given = "Marcos",
                      family = "Bella-Fernández",
                      role = c("aut", "cre"),
                      email = "marcosbellafernandez@gmail.com")
  as necessary.
Flavors: r-devel-linux-x86_64-debian-clang, r-devel-linux-x86_64-debian-gcc