CRAN Package Check Results for Package FishPhyloMaker

Last updated on 2025-07-03 13:48:34 CEST.

Flavor Version Tinstall Tcheck Ttotal Status Flags
r-devel-linux-x86_64-debian-clang 0.2.0 3.65 36.94 40.59 OK
r-devel-linux-x86_64-debian-gcc 0.2.0 2.57 29.30 31.87 OK
r-devel-linux-x86_64-fedora-clang 0.2.0 67.63 NOTE
r-devel-linux-x86_64-fedora-gcc 0.2.0 76.49 NOTE
r-devel-windows-x86_64 0.2.0 6.00 60.00 66.00 OK
r-patched-linux-x86_64 0.2.0 3.71 34.62 38.33 OK
r-release-linux-x86_64 0.2.0 3.43 34.22 37.65 OK
r-release-macos-arm64 0.2.0 30.00 OK
r-release-macos-x86_64 0.2.0 55.00 OK
r-release-windows-x86_64 0.2.0 5.00 61.00 66.00 OK
r-oldrel-macos-arm64 0.2.0 28.00 OK
r-oldrel-macos-x86_64 0.2.0 46.00 OK
r-oldrel-windows-x86_64 0.2.0 7.00 68.00 75.00 OK

Check Details

Version: 0.2.0
Check: dependencies in R code
Result: NOTE Namespaces in Imports field not imported from: ‘knitr’ ‘rmarkdown’ ‘utils’ All declared Imports should be used. Flavors: r-devel-linux-x86_64-fedora-clang, r-devel-linux-x86_64-fedora-gcc