Last updated on 2025-11-03 12:49:51 CET.
| Flavor | Version | Tinstall | Tcheck | Ttotal | Status | Flags |
|---|---|---|---|---|---|---|
| r-devel-linux-x86_64-debian-clang | 1.0.0 | 112.04 | 553.43 | 665.47 | OK | |
| r-devel-linux-x86_64-debian-gcc | 1.0.0 | 85.37 | 382.03 | 467.40 | OK | |
| r-devel-linux-x86_64-fedora-clang | 1.0.0 | 195.00 | 909.62 | 1104.62 | OK | |
| r-devel-linux-x86_64-fedora-gcc | 1.0.0 | 216.00 | 848.20 | 1064.20 | OK | |
| r-devel-windows-x86_64 | 1.0.0 | 118.00 | 487.00 | 605.00 | OK | |
| r-patched-linux-x86_64 | 1.0.0 | 120.21 | 535.52 | 655.73 | OK | |
| r-release-linux-x86_64 | 1.0.0 | 115.44 | 542.60 | 658.04 | OK | |
| r-release-macos-arm64 | 1.0.0 | 42.00 | 194.00 | 236.00 | OK | |
| r-release-macos-x86_64 | 1.0.0 | 50.00 | 477.00 | 527.00 | OK | |
| r-release-windows-x86_64 | 1.0.0 | 119.00 | 482.00 | 601.00 | OK | |
| r-oldrel-macos-arm64 | 1.0.0 | 47.00 | 196.00 | 243.00 | NOTE | |
| r-oldrel-macos-x86_64 | 1.0.0 | 43.00 | 276.00 | 319.00 | NOTE | |
| r-oldrel-windows-x86_64 | 1.0.0 | 145.00 | 683.00 | 828.00 | OK |
Version: 1.0.0
Check: installed package size
Result: NOTE
installed size is 31.4Mb
sub-directories of 1Mb or more:
libs 30.7Mb
Flavors: r-oldrel-macos-arm64, r-oldrel-macos-x86_64