Last updated on 2025-10-21 00:50:00 CEST.
Flavor | Version | Tinstall | Tcheck | Ttotal | Status | Flags |
---|---|---|---|---|---|---|
r-devel-linux-x86_64-fedora-clang | 2.0.8 | 491.61 | OK | |||
r-release-macos-x86_64 | 2.0.8 | 319.00 | OK | |||
r-oldrel-macos-arm64 | 102.00 | FAIL | ||||
r-oldrel-macos-x86_64 | 2.0.8 | 293.00 | OK |
Version: 2.0.8
Check: re-building of vignette outputs
Result: FAIL
Flavor: r-oldrel-macos-arm64