Last updated on 2025-11-03 12:49:52 CET.
| Flavor | Version | Tinstall | Tcheck | Ttotal | Status | Flags | 
|---|---|---|---|---|---|---|
| r-devel-linux-x86_64-debian-clang | 0.4-1 | 12.59 | 74.59 | 87.18 | NOTE | |
| r-devel-linux-x86_64-debian-gcc | 0.4-1 | 7.83 | 51.70 | 59.53 | NOTE | |
| r-devel-linux-x86_64-fedora-clang | 0.4-1 | 24.00 | 109.17 | 133.17 | NOTE | |
| r-devel-linux-x86_64-fedora-gcc | 0.4-1 | 28.00 | 96.38 | 124.38 | NOTE | |
| r-devel-windows-x86_64 | 0.4-1 | 13.00 | 86.00 | 99.00 | NOTE | |
| r-patched-linux-x86_64 | 0.4-1 | 11.35 | 69.76 | 81.11 | NOTE | |
| r-release-linux-x86_64 | 0.4-1 | 11.66 | 69.82 | 81.48 | NOTE | |
| r-release-macos-arm64 | 0.4-1 | 7.00 | 35.00 | 42.00 | NOTE | |
| r-release-macos-x86_64 | 0.4-1 | 11.00 | 59.00 | 70.00 | NOTE | |
| r-release-windows-x86_64 | 0.4-1 | 13.00 | 88.00 | 101.00 | NOTE | |
| r-oldrel-macos-arm64 | 0.4-1 | 6.00 | 31.00 | 37.00 | NOTE | |
| r-oldrel-macos-x86_64 | 0.4-1 | 9.00 | 47.00 | 56.00 | NOTE | |
| r-oldrel-windows-x86_64 | 0.4-1 | 18.00 | 111.00 | 129.00 | NOTE | 
Version: 0.4-1
Check: CRAN incoming feasibility
Result: NOTE
  Maintainer: ‘Bernhard Pfaff <bernhard@pfaffikus.de>’
  
  Package CITATION file contains call(s) to old-style personList() or
  as.personList().  Please use c() on person objects instead.
  Package CITATION file contains call(s) to old-style citEntry().  Please
  use bibentry() instead.
Flavors: r-devel-linux-x86_64-debian-clang, r-devel-linux-x86_64-debian-gcc
Version: 0.4-1
Check: Rd files
Result: NOTE
  checkRd: (-1) MultiAsset.Rd:26: Escaped LaTeX specials: \&
Flavors: r-devel-linux-x86_64-debian-clang, r-devel-linux-x86_64-debian-gcc, r-devel-linux-x86_64-fedora-clang, r-devel-linux-x86_64-fedora-gcc, r-devel-windows-x86_64, r-patched-linux-x86_64, r-release-linux-x86_64, r-release-macos-arm64, r-release-macos-x86_64, r-release-windows-x86_64, r-oldrel-macos-arm64, r-oldrel-macos-x86_64, r-oldrel-windows-x86_64