Last updated on 2025-11-03 12:49:51 CET.
| Flavor | Version | Tinstall | Tcheck | Ttotal | Status | Flags |
|---|---|---|---|---|---|---|
| r-devel-linux-x86_64-debian-clang | 1.0.1 | 38.17 | 71.52 | 109.69 | NOTE | |
| r-devel-linux-x86_64-debian-gcc | 1.0.1 | 25.33 | 52.19 | 77.52 | NOTE | |
| r-devel-linux-x86_64-fedora-clang | 1.0.1 | 85.00 | 107.65 | 192.65 | OK | |
| r-devel-linux-x86_64-fedora-gcc | 1.0.1 | 89.00 | 82.84 | 171.84 | OK | |
| r-devel-windows-x86_64 | 1.0.1 | 43.00 | 108.00 | 151.00 | OK | |
| r-patched-linux-x86_64 | 1.0.1 | 40.43 | 67.42 | 107.85 | OK | |
| r-release-linux-x86_64 | 1.0.1 | 39.41 | 68.76 | 108.17 | OK | |
| r-release-macos-arm64 | 1.0.1 | 14.00 | 36.00 | 50.00 | OK | |
| r-release-macos-x86_64 | 1.0.1 | 19.00 | 64.00 | 83.00 | OK | |
| r-release-windows-x86_64 | 1.0.1 | 43.00 | 107.00 | 150.00 | OK | |
| r-oldrel-macos-arm64 | 1.0.1 | 13.00 | 33.00 | 46.00 | OK | |
| r-oldrel-macos-x86_64 | 1.0.1 | 15.00 | 62.00 | 77.00 | OK | |
| r-oldrel-windows-x86_64 | 1.0.1 | 56.00 | 134.00 | 190.00 | OK |
Version: 1.0.1
Check: CRAN incoming feasibility
Result: NOTE
Maintainer: ‘David P. Hofmeyr <dhofmeyr@sun.ac.za>’
No Authors@R field in DESCRIPTION.
Please add one, modifying
Authors@R: person(given = c("David", "P."),
family = "Hofmeyr",
role = c("aut", "cre"),
email = "dhofmeyr@sun.ac.za")
as necessary.
Flavors: r-devel-linux-x86_64-debian-clang, r-devel-linux-x86_64-debian-gcc