Last updated on 2025-11-03 12:49:51 CET.
| Flavor | Version | Tinstall | Tcheck | Ttotal | Status | Flags | 
|---|---|---|---|---|---|---|
| r-devel-linux-x86_64-debian-clang | 2.1-6 | 2.65 | 26.80 | 29.45 | NOTE | |
| r-devel-linux-x86_64-debian-gcc | 2.1-6 | 1.85 | 20.61 | 22.46 | NOTE | |
| r-devel-linux-x86_64-fedora-clang | 2.1-6 | 42.92 | OK | |||
| r-devel-linux-x86_64-fedora-gcc | 2.1-6 | 40.59 | OK | |||
| r-devel-windows-x86_64 | 2.1-6 | 4.00 | 47.00 | 51.00 | OK | |
| r-patched-linux-x86_64 | 2.1-6 | 3.06 | 25.13 | 28.19 | OK | |
| r-release-linux-x86_64 | 2.1-6 | 2.55 | 25.16 | 27.71 | OK | |
| r-release-macos-arm64 | 2.1-6 | 1.00 | 17.00 | 18.00 | OK | |
| r-release-macos-x86_64 | 2.1-6 | 3.00 | 25.00 | 28.00 | OK | |
| r-release-windows-x86_64 | 2.1-6 | 3.00 | 47.00 | 50.00 | OK | |
| r-oldrel-macos-arm64 | 2.1-6 | 1.00 | 17.00 | 18.00 | OK | |
| r-oldrel-macos-x86_64 | 2.1-6 | 2.00 | 22.00 | 24.00 | OK | |
| r-oldrel-windows-x86_64 | 2.1-6 | 3.00 | 49.00 | 52.00 | OK | 
Version: 2.1-6
Check: CRAN incoming feasibility
Result: NOTE
  Maintainer: ‘Andrew Harris <harris@astro.umd.edu>’
  
  No Authors@R field in DESCRIPTION.
  Please add one, modifying
    Authors@R: person(given = "Andrew",
                      family = "Harris",
                      role = c("aut", "cre"),
                      email = "harris@astro.umd.edu")
  as necessary.
Flavors: r-devel-linux-x86_64-debian-clang, r-devel-linux-x86_64-debian-gcc