Last updated on 2025-11-03 12:49:51 CET.
| Flavor | Version | Tinstall | Tcheck | Ttotal | Status | Flags | 
|---|---|---|---|---|---|---|
| r-devel-linux-x86_64-debian-clang | 2.4.0 | 4.16 | 45.61 | 49.77 | NOTE | |
| r-devel-linux-x86_64-debian-gcc | 2.4.0 | 2.93 | 34.49 | 37.42 | NOTE | |
| r-devel-linux-x86_64-fedora-clang | 2.4.0 | 10.00 | 66.18 | 76.18 | OK | |
| r-devel-linux-x86_64-fedora-gcc | 2.4.0 | 84.82 | OK | |||
| r-devel-windows-x86_64 | 2.4.0 | 6.00 | 72.00 | 78.00 | OK | |
| r-patched-linux-x86_64 | 2.4.0 | 3.99 | 42.46 | 46.45 | OK | |
| r-release-linux-x86_64 | 2.4.0 | 3.85 | 42.75 | 46.60 | OK | |
| r-release-macos-arm64 | 2.4.0 | 3.00 | 37.00 | 40.00 | OK | |
| r-release-macos-x86_64 | 2.4.0 | 5.00 | 61.00 | 66.00 | OK | |
| r-release-windows-x86_64 | 2.4.0 | 6.00 | 70.00 | 76.00 | OK | |
| r-oldrel-macos-arm64 | 2.4.0 | 2.00 | 33.00 | 35.00 | OK | |
| r-oldrel-macos-x86_64 | 2.4.0 | 5.00 | 66.00 | 71.00 | OK | |
| r-oldrel-windows-x86_64 | 2.4.0 | 8.00 | 84.00 | 92.00 | OK | 
Version: 2.4.0
Check: CRAN incoming feasibility
Result: NOTE
  Maintainer: ‘Paul Rougieux <paul.rougieux@gmail.com>’
  
  No Authors@R field in DESCRIPTION.
  Please add one, modifying
    Authors@R: c(person(given = c("Michael", "C."),
                        family = "J.",
                        role = "aut"),
                 person(given = "Markus",
                        family = "Gesmann",
                        role = "aut"),
                 person(given = "Filippo",
                        family = "Gheri",
                        role = "aut"),
                 person(given = "Paul",
                        family = "Rougieux",
                        role = c("aut", "cre"),
                        email = "paul.rougieux@gmail.com"),
                 person(given = "Sebastian",
                        family = "Campbell",
                        role = "aut"))
  as necessary.
Flavors: r-devel-linux-x86_64-debian-clang, r-devel-linux-x86_64-debian-gcc