Last updated on 2025-11-03 12:49:50 CET.
| Flavor | Version | Tinstall | Tcheck | Ttotal | Status | Flags | 
|---|---|---|---|---|---|---|
| r-devel-linux-x86_64-debian-clang | 0.1.4 | 2.81 | 27.21 | 30.02 | NOTE | |
| r-devel-linux-x86_64-debian-gcc | 0.1.4 | 1.71 | 21.17 | 22.88 | NOTE | |
| r-devel-linux-x86_64-fedora-clang | 0.1.4 | 45.55 | OK | |||
| r-devel-linux-x86_64-fedora-gcc | 0.1.4 | 421.45 | OK | |||
| r-devel-windows-x86_64 | 0.1.4 | 5.00 | 45.00 | 50.00 | OK | |
| r-patched-linux-x86_64 | 0.1.4 | 2.85 | 25.68 | 28.53 | OK | |
| r-release-linux-x86_64 | 0.1.4 | 2.52 | 25.65 | 28.17 | OK | |
| r-release-macos-arm64 | 0.1.4 | 1.00 | 153.00 | 154.00 | OK | |
| r-release-macos-x86_64 | 0.1.4 | 2.00 | 503.00 | 505.00 | OK | |
| r-release-windows-x86_64 | 0.1.4 | 4.00 | 45.00 | 49.00 | OK | |
| r-oldrel-macos-arm64 | 0.1.4 | 1.00 | 149.00 | 150.00 | OK | |
| r-oldrel-macos-x86_64 | 0.1.4 | 2.00 | 396.00 | 398.00 | OK | |
| r-oldrel-windows-x86_64 | 0.1.4 | 4.00 | 53.00 | 57.00 | OK | 
Version: 0.1.4
Check: CRAN incoming feasibility
Result: NOTE
  Maintainer: ‘Xiao-Jun Mao <maoxj.ki@gmail.com>’
  
  No Authors@R field in DESCRIPTION.
  Please add one, modifying
    Authors@R: c(person(given = "Mu-Fa",
                        family = "Chen",
                        role = "aut",
                        email = "mfchen@bnu.edu.cn"),
                 person(given = "Xiao-Jun",
                        family = "Mao",
                        role = "cre",
                        email = "maoxj.ki@gmail.com"))
  as necessary.
Flavors: r-devel-linux-x86_64-debian-clang, r-devel-linux-x86_64-debian-gcc