Last updated on 2025-11-03 12:49:50 CET.
| Flavor | Version | Tinstall | Tcheck | Ttotal | Status | Flags |
|---|---|---|---|---|---|---|
| r-devel-linux-x86_64-debian-clang | 1.1.2 | 1729.38 | 286.22 | 2015.60 | OK | |
| r-devel-linux-x86_64-debian-gcc | 1.1.2 | 1345.97 | 294.68 | 1640.65 | OK | |
| r-devel-linux-x86_64-fedora-clang | 1.1.2 | 2880.00 | -188.43 | 2691.57 | NOTE | |
| r-devel-linux-x86_64-fedora-gcc | 1.1.2 | 5160.00 | -1067.06 | 4092.94 | NOTE | |
| r-devel-windows-x86_64 | 1.1.2 | 1649.00 | 416.00 | 2065.00 | OK | |
| r-patched-linux-x86_64 | 1.1.2 | 1932.90 | 413.07 | 2345.97 | OK | |
| r-release-linux-x86_64 | 1.1.2 | 1951.42 | 397.63 | 2349.05 | OK | |
| r-release-macos-arm64 | 1.1.2 | 660.00 | 72.00 | 732.00 | OK | |
| r-release-macos-x86_64 | 1.1.2 | 368.00 | 107.00 | 475.00 | OK | |
| r-release-windows-x86_64 | 1.1.2 | 1624.00 | 391.00 | 2015.00 | OK | |
| r-oldrel-macos-arm64 | 1.1.2 | 432.00 | 60.00 | 492.00 | NOTE | |
| r-oldrel-macos-x86_64 | 1.1.2 | 458.00 | 111.00 | 569.00 | NOTE | |
| r-oldrel-windows-x86_64 | 1.1.2 | 1923.00 | 528.00 | 2451.00 | NOTE |
Version: 1.1.2
Check: dependencies in R code
Result: NOTE
Namespaces in Imports field not imported from:
‘RcppParallel’ ‘rstantools’
All declared Imports should be used.
Flavors: r-devel-linux-x86_64-fedora-clang, r-devel-linux-x86_64-fedora-gcc
Version: 1.1.2
Check: installed package size
Result: NOTE
installed size is 224.4Mb
sub-directories of 1Mb or more:
doc 3.5Mb
libs 219.9Mb
Flavors: r-oldrel-macos-arm64, r-oldrel-macos-x86_64, r-oldrel-windows-x86_64
Version: 1.1.2
Check: for GNU extensions in Makefiles
Result: NOTE
GNU make is a SystemRequirements.
Flavors: r-oldrel-macos-arm64, r-oldrel-macos-x86_64