Last updated on 2025-11-03 12:49:50 CET.
| Flavor | Version | Tinstall | Tcheck | Ttotal | Status | Flags | 
|---|---|---|---|---|---|---|
| r-devel-linux-x86_64-debian-clang | 2.0.14 | 5.60 | 67.17 | 72.77 | NOTE | |
| r-devel-linux-x86_64-debian-gcc | 2.0.14 | 4.11 | 42.72 | 46.83 | NOTE | |
| r-devel-linux-x86_64-fedora-clang | 2.0.14 | 16.00 | 97.93 | 113.93 | OK | |
| r-devel-linux-x86_64-fedora-gcc | 2.0.14 | 14.00 | 94.00 | 108.00 | OK | |
| r-devel-windows-x86_64 | 2.0.14 | 9.00 | 74.00 | 83.00 | OK | |
| r-patched-linux-x86_64 | 2.0.14 | 6.37 | 62.99 | 69.36 | OK | |
| r-release-linux-x86_64 | 2.0.14 | 5.72 | 62.45 | 68.17 | OK | |
| r-release-macos-arm64 | 2.0.14 | 4.00 | 27.00 | 31.00 | OK | |
| r-release-macos-x86_64 | 2.0.14 | 8.00 | 54.00 | 62.00 | OK | |
| r-release-windows-x86_64 | 2.0.14 | 9.00 | 74.00 | 83.00 | OK | |
| r-oldrel-macos-arm64 | 2.0.14 | 4.00 | 25.00 | 29.00 | OK | |
| r-oldrel-macos-x86_64 | 2.0.14 | 6.00 | 43.00 | 49.00 | OK | |
| r-oldrel-windows-x86_64 | 2.0.14 | 9.00 | 100.00 | 109.00 | OK | 
Version: 2.0.14
Check: CRAN incoming feasibility
Result: NOTE
  Maintainer: ‘Suren Rathnayake <surenr@gmail.com>’
  
  No Authors@R field in DESCRIPTION.
  Please add one, modifying
    Authors@R: c(person(given = "Suren",
                        family = "Rathnayake",
                        role = c("aut", "cre"),
                        email = "surenr@gmail.com"),
                 person(given = "Geoff",
                        family = "McLachlan",
                        role = "aut"),
                 person(given = "David",
                        family = "Peel",
                        role = "aut"),
                 person(given = "Jangsun",
                        family = "Baek",
                        role = "aut"))
  as necessary.
Flavors: r-devel-linux-x86_64-debian-clang, r-devel-linux-x86_64-debian-gcc