Last updated on 2025-11-03 12:49:50 CET.
| Flavor | Version | Tinstall | Tcheck | Ttotal | Status | Flags | 
|---|---|---|---|---|---|---|
| r-devel-linux-x86_64-debian-clang | 2.1.3 | 9.07 | 113.51 | 122.58 | NOTE | |
| r-devel-linux-x86_64-debian-gcc | 2.1.3 | 6.68 | 70.22 | 76.90 | NOTE | |
| r-devel-linux-x86_64-fedora-clang | 2.1.3 | 21.00 | 174.67 | 195.67 | OK | |
| r-devel-linux-x86_64-fedora-gcc | 2.1.3 | 18.00 | 179.16 | 197.16 | OK | |
| r-devel-windows-x86_64 | 2.1.3 | 11.00 | 107.00 | 118.00 | OK | |
| r-patched-linux-x86_64 | 2.1.3 | 9.96 | 109.71 | 119.67 | OK | |
| r-release-linux-x86_64 | 2.1.3 | 8.60 | 105.58 | 114.18 | OK | |
| r-release-macos-arm64 | 2.1.3 | 3.00 | 49.00 | 52.00 | OK | |
| r-release-macos-x86_64 | 2.1.3 | 7.00 | 114.00 | 121.00 | OK | |
| r-release-windows-x86_64 | 2.1.3 | 10.00 | 105.00 | 115.00 | OK | |
| r-oldrel-macos-arm64 | 2.1.3 | 4.00 | 47.00 | 51.00 | OK | |
| r-oldrel-macos-x86_64 | 2.1.3 | 6.00 | 76.00 | 82.00 | OK | |
| r-oldrel-windows-x86_64 | 2.1.3 | 13.00 | 151.00 | 164.00 | OK | 
Version: 2.1.3
Check: CRAN incoming feasibility
Result: NOTE
  Maintainer: ‘Guangjian Zhang <gzhang3@nd.edu>’
  
  No Authors@R field in DESCRIPTION.
  Please add one, modifying
    Authors@R: c(person(given = "Guangjian",
                        family = "Zhang",
                        role = c("aut", "cre"),
                        email = "gzhang3@nd.edu"),
                 person(given = "Ge",
                        family = "Jiang",
                        role = "aut"),
                 person(given = "Minami",
                        family = "Hattori",
                        role = "aut"),
                 person(given = "Lauren",
                        family = "Trichtinger",
                        role = "aut"))
  as necessary.
Flavors: r-devel-linux-x86_64-debian-clang, r-devel-linux-x86_64-debian-gcc