Last updated on 2025-11-03 12:49:50 CET.
| Flavor | Version | Tinstall | Tcheck | Ttotal | Status | Flags | 
|---|---|---|---|---|---|---|
| r-devel-linux-x86_64-debian-clang | 1.1.1 | 7.55 | 73.40 | 80.95 | NOTE | |
| r-devel-linux-x86_64-debian-gcc | 1.1.1 | 5.14 | 52.58 | 57.72 | NOTE | |
| r-devel-linux-x86_64-fedora-clang | 1.1.1 | 14.00 | 107.54 | 121.54 | OK | |
| r-devel-linux-x86_64-fedora-gcc | 1.1.1 | 16.00 | 129.91 | 145.91 | OK | |
| r-devel-windows-x86_64 | 1.1.1 | 10.00 | 83.00 | 93.00 | OK | |
| r-patched-linux-x86_64 | 1.1.1 | 6.21 | 66.79 | 73.00 | OK | |
| r-release-linux-x86_64 | 1.1.1 | 6.43 | 67.21 | 73.64 | OK | |
| r-release-macos-arm64 | 1.1.1 | 4.00 | 49.00 | 53.00 | OK | |
| r-release-macos-x86_64 | 1.1.1 | 6.00 | 72.00 | 78.00 | OK | |
| r-release-windows-x86_64 | 1.1.1 | 10.00 | 83.00 | 93.00 | OK | |
| r-oldrel-macos-arm64 | 1.1.1 | 3.00 | 41.00 | 44.00 | OK | |
| r-oldrel-macos-x86_64 | 1.1.1 | 5.00 | 57.00 | 62.00 | OK | |
| r-oldrel-windows-x86_64 | 1.1.1 | 14.00 | 106.00 | 120.00 | OK | 
Version: 1.1.1
Check: CRAN incoming feasibility
Result: NOTE
  Maintainer: ‘Vipavee Trivittayasil <vipavee.tri@gmail.com>’
  
  No Authors@R field in DESCRIPTION.
  Please add one, modifying
    Authors@R: person(given = "Vipavee",
                      family = "Trivittayasil",
                      role = c("aut", "cre"),
                      email = "vipavee.tri@gmail.com")
  as necessary.
Flavors: r-devel-linux-x86_64-debian-clang, r-devel-linux-x86_64-debian-gcc