Last updated on 2025-11-03 12:49:50 CET.
| Flavor | Version | Tinstall | Tcheck | Ttotal | Status | Flags | 
|---|---|---|---|---|---|---|
| r-devel-linux-x86_64-debian-clang | 0.1.2 | 2.52 | 43.47 | 45.99 | NOTE | |
| r-devel-linux-x86_64-debian-gcc | 0.1.2 | 2.00 | 31.79 | 33.79 | NOTE | |
| r-devel-linux-x86_64-fedora-clang | 0.1.2 | 74.78 | OK | |||
| r-devel-linux-x86_64-fedora-gcc | 0.1.2 | 69.26 | OK | |||
| r-devel-windows-x86_64 | 0.1.2 | 9.00 | 60.00 | 69.00 | OK | |
| r-patched-linux-x86_64 | 0.1.2 | 2.74 | 39.61 | 42.35 | OK | |
| r-release-linux-x86_64 | 0.1.2 | 2.54 | 41.36 | 43.90 | OK | |
| r-release-macos-arm64 | 0.1.2 | 2.00 | 22.00 | 24.00 | OK | |
| r-release-macos-x86_64 | 0.1.2 | 3.00 | 37.00 | 40.00 | OK | |
| r-release-windows-x86_64 | 0.1.2 | 9.00 | 59.00 | 68.00 | OK | |
| r-oldrel-macos-arm64 | 0.1.2 | 2.00 | 33.00 | 35.00 | NOTE | |
| r-oldrel-macos-x86_64 | 0.1.2 | 2.00 | 33.00 | 35.00 | NOTE | |
| r-oldrel-windows-x86_64 | 0.1.2 | 8.00 | 71.00 | 79.00 | NOTE | 
Version: 0.1.2
Check: CRAN incoming feasibility
Result: NOTE
  Maintainer: ‘Flavian Tschurr <flavian.tschurr@usys.ethz.ch>’
  
  No Authors@R field in DESCRIPTION.
  Please add one, modifying
    Authors@R: person(given = "Flavian",
                      family = "Tschurr",
                      role = c("aut", "cre"),
                      email = "flavian.tschurr@usys.ethz.ch")
  as necessary.
Flavors: r-devel-linux-x86_64-debian-clang, r-devel-linux-x86_64-debian-gcc
Version: 0.1.2
Check: installed package size
Result: NOTE
    installed size is  5.8Mb
    sub-directories of 1Mb or more:
      extdata   5.6Mb
Flavors: r-oldrel-macos-arm64, r-oldrel-macos-x86_64, r-oldrel-windows-x86_64