Last updated on 2024-07-18 01:55:29 CEST.
Flavor | Version | Tinstall | Tcheck | Ttotal | Status | Flags |
---|---|---|---|---|---|---|
r-devel-linux-x86_64-debian-clang | 1.2-4 | 16.35 | 139.05 | 155.40 | OK | |
r-devel-linux-x86_64-debian-gcc | 1.2-4 | 13.83 | 98.17 | 112.00 | OK | |
r-devel-linux-x86_64-fedora-clang | 1.2-4 | 202.94 | OK | |||
r-devel-linux-x86_64-fedora-gcc | 1.2-4 | 175.63 | OK | |||
r-devel-windows-x86_64 | 1.2-4 | 17.00 | 114.00 | 131.00 | NOTE | |
r-patched-linux-x86_64 | 1.2-4 | 19.17 | 130.61 | 149.78 | OK | |
r-release-linux-x86_64 | 1.2-4 | 16.29 | 132.33 | 148.62 | OK | |
r-release-macos-arm64 | 1.2-4 | 45.00 | OK | |||
r-release-macos-x86_64 | 1.2-4 | 74.00 | OK | |||
r-release-windows-x86_64 | 1.2-4 | 16.00 | 114.00 | 130.00 | OK | |
r-oldrel-macos-arm64 | 1.2-4 | 51.00 | OK | |||
r-oldrel-macos-x86_64 | 1.2-4 | 133.00 | OK | |||
r-oldrel-windows-x86_64 | 1.2-4 | 22.00 | 138.00 | 160.00 | OK |
Version: 1.2-4
Check: Rd cross-references
Result: NOTE
Found the following Rd file(s) with Rd \link{} targets missing package
anchors:
corrPlot.Rd: levelplot
fac.design.Rd: factorize
Please provide package anchors for all Rd \link{} targets not in the
package itself and the base packages.
Flavor: r-devel-windows-x86_64