Last updated on 2025-11-03 12:49:50 CET.
| Flavor | Version | Tinstall | Tcheck | Ttotal | Status | Flags | 
|---|---|---|---|---|---|---|
| r-devel-linux-x86_64-debian-clang | 0.6.4 | 2.99 | 32.75 | 35.74 | NOTE | |
| r-devel-linux-x86_64-debian-gcc | 0.6.4 | 2.52 | 24.91 | 27.43 | NOTE | |
| r-devel-linux-x86_64-fedora-clang | 0.6.4 | 54.99 | OK | |||
| r-devel-linux-x86_64-fedora-gcc | 0.6.4 | 52.75 | OK | |||
| r-devel-windows-x86_64 | 0.6.4 | 4.00 | 57.00 | 61.00 | OK | |
| r-patched-linux-x86_64 | 0.6.4 | 3.67 | 30.80 | 34.47 | OK | |
| r-release-linux-x86_64 | 0.6.4 | 2.82 | 30.77 | 33.59 | OK | |
| r-release-macos-arm64 | 0.6.4 | 2.00 | 22.00 | 24.00 | OK | |
| r-release-macos-x86_64 | 0.6.4 | 3.00 | 31.00 | 34.00 | OK | |
| r-release-windows-x86_64 | 0.6.4 | 5.00 | 56.00 | 61.00 | OK | |
| r-oldrel-macos-arm64 | 0.6.4 | 2.00 | 19.00 | 21.00 | NOTE | |
| r-oldrel-macos-x86_64 | 0.6.4 | 3.00 | 29.00 | 32.00 | NOTE | |
| r-oldrel-windows-x86_64 | 0.6.4 | 6.00 | 61.00 | 67.00 | NOTE | 
Version: 0.6.4
Check: CRAN incoming feasibility
Result: NOTE
  Maintainer: ‘Ruoqi Yu <ruoqiyu125@gmail.com>’
  
  No Authors@R field in DESCRIPTION.
  Please add one, modifying
    Authors@R: person(given = "Ruoqi",
                      family = "Yu",
                      role = c("aut", "cre"),
                      email = "ruoqiyu125@gmail.com")
  as necessary.
Flavors: r-devel-linux-x86_64-debian-clang, r-devel-linux-x86_64-debian-gcc
Version: 0.6.4
Check: package dependencies
Result: NOTE
  Package suggested but not available for checking: ‘rrelaxiv’
Flavors: r-oldrel-macos-arm64, r-oldrel-macos-x86_64, r-oldrel-windows-x86_64