Last updated on 2025-11-03 12:49:50 CET.
| Flavor | Version | Tinstall | Tcheck | Ttotal | Status | Flags | 
|---|---|---|---|---|---|---|
| r-devel-linux-x86_64-debian-clang | 3.6 | 110.14 | 272.94 | 383.08 | OK | |
| r-devel-linux-x86_64-debian-gcc | 3.6 | 77.57 | 183.56 | 261.13 | OK | |
| r-devel-linux-x86_64-fedora-clang | 3.6 | 310.00 | 355.98 | 665.98 | OK | |
| r-devel-linux-x86_64-fedora-gcc | 3.6 | 183.00 | OK | |||
| r-devel-windows-x86_64 | 3.6 | 124.00 | 248.00 | 372.00 | OK | |
| r-patched-linux-x86_64 | 3.6 | 112.65 | 255.83 | 368.48 | OK | |
| r-release-linux-x86_64 | 3.6 | 113.92 | 258.32 | 372.24 | OK | |
| r-release-macos-arm64 | 3.6 | 44.00 | 141.00 | 185.00 | OK | |
| r-release-macos-x86_64 | 3.6 | 80.00 | 276.00 | 356.00 | OK | |
| r-release-windows-x86_64 | 3.6 | 138.00 | 243.00 | 381.00 | OK | |
| r-oldrel-macos-arm64 | 3.6 | 42.00 | 141.00 | 183.00 | NOTE | |
| r-oldrel-macos-x86_64 | 3.6 | 65.00 | 289.00 | 354.00 | NOTE | |
| r-oldrel-windows-x86_64 | 3.6 | 155.00 | 356.00 | 511.00 | OK | 
Version: 3.6
Check: installed package size
Result: NOTE
    installed size is 11.5Mb
    sub-directories of 1Mb or more:
      data   3.2Mb
      libs   8.0Mb
Flavors: r-oldrel-macos-arm64, r-oldrel-macos-x86_64