Last updated on 2024-07-18 01:55:29 CEST.
Flavor | Version | Tinstall | Tcheck | Ttotal | Status | Flags |
---|---|---|---|---|---|---|
r-devel-linux-x86_64-debian-clang | 0.1.0 | 2.94 | 27.10 | 30.04 | NOTE | |
r-devel-linux-x86_64-debian-gcc | 0.1.0 | 2.31 | 20.79 | 23.10 | NOTE | |
r-devel-linux-x86_64-fedora-clang | 0.1.0 | 40.11 | NOTE | |||
r-devel-linux-x86_64-fedora-gcc | 0.1.0 | 36.63 | NOTE | |||
r-devel-windows-x86_64 | 0.1.0 | 3.00 | 44.00 | 47.00 | NOTE | |
r-patched-linux-x86_64 | 0.1.0 | 2.54 | 26.64 | 29.18 | NOTE | |
r-release-linux-x86_64 | 0.1.0 | 2.17 | 26.59 | 28.76 | NOTE | |
r-release-macos-arm64 | 0.1.0 | 17.00 | NOTE | |||
r-release-macos-x86_64 | 0.1.0 | 24.00 | NOTE | |||
r-release-windows-x86_64 | 0.1.0 | 3.00 | 46.00 | 49.00 | NOTE | |
r-oldrel-macos-arm64 | 0.1.0 | 16.00 | NOTE | |||
r-oldrel-macos-x86_64 | 0.1.0 | 21.00 | NOTE | |||
r-oldrel-windows-x86_64 | 0.1.0 | 5.00 | 45.00 | 50.00 | NOTE |
Version: 0.1.0
Check: LazyData
Result: NOTE
'LazyData' is specified without a 'data' directory
Flavors: r-devel-linux-x86_64-debian-clang, r-devel-linux-x86_64-debian-gcc, r-devel-linux-x86_64-fedora-clang, r-devel-linux-x86_64-fedora-gcc, r-devel-windows-x86_64, r-patched-linux-x86_64, r-release-linux-x86_64, r-release-macos-arm64, r-release-macos-x86_64, r-release-windows-x86_64, r-oldrel-macos-arm64, r-oldrel-macos-x86_64, r-oldrel-windows-x86_64