Last updated on 2025-11-03 12:49:49 CET.
| Flavor | Version | Tinstall | Tcheck | Ttotal | Status | Flags | 
|---|---|---|---|---|---|---|
| r-devel-linux-x86_64-debian-clang | 0.1.2 | 45.77 | 359.04 | 404.81 | OK | |
| r-devel-linux-x86_64-debian-gcc | 0.1.2 | 34.88 | 260.88 | 295.76 | OK | |
| r-devel-linux-x86_64-fedora-clang | 0.1.2 | 193.00 | 490.57 | 683.57 | NOTE | |
| r-devel-linux-x86_64-fedora-gcc | 0.1.2 | 92.00 | NOTE | |||
| r-devel-windows-x86_64 | 0.1.2 | 46.00 | 294.00 | 340.00 | OK | |
| r-patched-linux-x86_64 | 0.1.2 | 0.23 | 1.92 | 2.15 | ERROR | |
| r-release-linux-x86_64 | 0.1.2 | 43.81 | 343.04 | 386.85 | OK | |
| r-release-macos-arm64 | 0.1.2 | 21.00 | 126.00 | 147.00 | OK | |
| r-release-macos-x86_64 | 0.1.2 | 42.00 | 252.00 | 294.00 | OK | |
| r-release-windows-x86_64 | 0.1.2 | 44.00 | 287.00 | 331.00 | OK | |
| r-oldrel-macos-arm64 | 0.1.2 | 22.00 | 138.00 | 160.00 | OK | |
| r-oldrel-macos-x86_64 | 0.1.2 | 33.00 | 236.00 | 269.00 | OK | |
| r-oldrel-windows-x86_64 | 0.1.2 | 66.00 | 386.00 | 452.00 | OK | 
Version: 0.1.2
Check: dependencies in R code
Result: NOTE
  Namespace in Imports field not imported from: ‘ggplot2’
    All declared Imports should be used.
Flavors: r-devel-linux-x86_64-fedora-clang, r-devel-linux-x86_64-fedora-gcc
Version: 0.1.2
Check: package dependencies
Result: ERROR
  Package required but not available: ‘DBTC’
  
  See section ‘The DESCRIPTION file’ in the ‘Writing R Extensions’
  manual.
Flavor: r-patched-linux-x86_64