Last updated on 2024-08-17 02:48:11 CEST.
Flavor | Version | Tinstall | Tcheck | Ttotal | Status | Flags |
---|---|---|---|---|---|---|
r-devel-linux-x86_64-debian-clang | 0.1.0 | 47.15 | 328.55 | 375.70 | OK | |
r-devel-linux-x86_64-debian-gcc | 0.1.0 | 30.99 | 233.01 | 264.00 | OK | |
r-devel-linux-x86_64-fedora-clang | 0.1.0 | 611.47 | OK | |||
r-devel-linux-x86_64-fedora-gcc | 0.1.0 | 576.27 | OK | |||
r-devel-windows-x86_64 | 0.1.0 | 43.00 | 278.00 | 321.00 | OK | |
r-patched-linux-x86_64 | 0.1.0 | 41.74 | 309.76 | 351.50 | OK | |
r-release-linux-x86_64 | 0.1.0 | 41.25 | 314.86 | 356.11 | OK | |
r-release-macos-arm64 | 0.1.0 | 152.00 | OK | |||
r-release-macos-x86_64 | 0.1.0 | 228.00 | OK | |||
r-release-windows-x86_64 | 0.1.0 | 44.00 | 271.00 | 315.00 | OK | |
r-oldrel-macos-arm64 | 0.1.0 | 9.00 | ERROR | |||
r-oldrel-macos-x86_64 | 0.1.0 | 11.00 | ERROR | |||
r-oldrel-windows-x86_64 | 0.1.0 | 58.00 | 386.00 | 444.00 | OK |
Version: 0.1.0
Check: package dependencies
Result: ERROR
Package required but not available: ‘dada2’
See section ‘The DESCRIPTION file’ in the ‘Writing R Extensions’
manual.
Flavors: r-oldrel-macos-arm64, r-oldrel-macos-x86_64