Last updated on 2025-11-03 12:49:49 CET.
| Flavor | Version | Tinstall | Tcheck | Ttotal | Status | Flags | 
|---|---|---|---|---|---|---|
| r-devel-linux-x86_64-debian-clang | 0.2.0 | 36.71 | 216.02 | 252.73 | OK | |
| r-devel-linux-x86_64-debian-gcc | 0.2.0 | 29.83 | 160.40 | 190.23 | OK | |
| r-devel-linux-x86_64-fedora-clang | 0.2.0 | 238.00 | 201.73 | 439.73 | OK | |
| r-devel-linux-x86_64-fedora-gcc | 0.2.0 | 79.00 | OK | |||
| r-devel-windows-x86_64 | 0.2.0 | 43.00 | 206.00 | 249.00 | OK | |
| r-patched-linux-x86_64 | 0.2.0 | 43.21 | 171.33 | 214.54 | OK | |
| r-release-linux-x86_64 | 0.2.0 | 42.50 | 203.95 | 246.45 | OK | |
| r-release-macos-arm64 | 0.2.0 | 18.00 | 119.00 | 137.00 | OK | |
| r-release-macos-x86_64 | 0.2.0 | 36.00 | 212.00 | 248.00 | OK | |
| r-release-windows-x86_64 | 0.2.0 | 43.00 | 201.00 | 244.00 | OK | |
| r-oldrel-macos-arm64 | 0.2.0 | 18.00 | 131.00 | 149.00 | NOTE | |
| r-oldrel-macos-x86_64 | 0.2.0 | 29.00 | 196.00 | 225.00 | NOTE | |
| r-oldrel-windows-x86_64 | 0.2.0 | 55.00 | 285.00 | 340.00 | OK | 
Version: 0.2.0
Check: installed package size
Result: NOTE
    installed size is  5.4Mb
    sub-directories of 1Mb or more:
      data   1.5Mb
      libs   3.1Mb
Flavors: r-oldrel-macos-arm64, r-oldrel-macos-x86_64