Last updated on 2025-07-04 00:50:00 CEST.
Flavor | Version | Tinstall | Tcheck | Ttotal | Status | Flags |
---|---|---|---|---|---|---|
r-devel-linux-x86_64-debian-clang | 1.6.4 | 7.39 | 59.79 | 67.18 | NOTE | |
r-devel-linux-x86_64-debian-gcc | 1.6.4 | 4.90 | 46.44 | 51.34 | NOTE | |
r-devel-linux-x86_64-fedora-clang | 1.6.4 | 99.79 | OK | |||
r-devel-linux-x86_64-fedora-gcc | 1.6.4 | 99.85 | OK | |||
r-devel-windows-x86_64 | 1.6.4 | 7.00 | 76.00 | 83.00 | OK | |
r-patched-linux-x86_64 | 1.6.4 | 7.30 | 56.82 | 64.12 | OK | |
r-release-linux-x86_64 | 1.6.4 | 6.51 | 56.80 | 63.31 | OK | |
r-release-macos-arm64 | 1.6.4 | 36.00 | OK | |||
r-release-macos-x86_64 | 1.6.4 | 60.00 | OK | |||
r-release-windows-x86_64 | 1.6.4 | 8.00 | 76.00 | 84.00 | OK | |
r-oldrel-macos-arm64 | 1.6.4 | 33.00 | OK | |||
r-oldrel-macos-x86_64 | 1.6.4 | 58.00 | OK | |||
r-oldrel-windows-x86_64 | 1.6.4 | 10.00 | 91.00 | 101.00 | OK |
Version: 1.6.4
Check: CRAN incoming feasibility
Result: NOTE
Maintainer: ‘Ran Gao <rgao8@uic.edu>’
No Authors@R field in DESCRIPTION.
Please add one, modifying
Authors@R: c(person(given = "Rawan",
family = "Allozi",
role = "aut"),
person(given = "Hakan",
family = "Demirtas",
role = "aut"),
person(given = "Ran",
family = "Gao",
role = c("aut", "cre"),
email = "rgao8@uic.edu"))
as necessary.
Flavors: r-devel-linux-x86_64-debian-clang, r-devel-linux-x86_64-debian-gcc