Last updated on 2025-07-04 00:50:00 CEST.
Flavor | Version | Tinstall | Tcheck | Ttotal | Status | Flags |
---|---|---|---|---|---|---|
r-devel-linux-x86_64-debian-clang | 0.2.2 | 7.25 | 108.37 | 115.62 | NOTE | |
r-devel-linux-x86_64-debian-gcc | 0.2.2 | 4.55 | 73.34 | 77.89 | NOTE | |
r-devel-linux-x86_64-fedora-clang | 0.2.2 | 176.34 | OK | |||
r-devel-linux-x86_64-fedora-gcc | 0.2.2 | 181.89 | OK | |||
r-devel-windows-x86_64 | 0.2.2 | 11.00 | 166.00 | 177.00 | OK | |
r-patched-linux-x86_64 | 0.2.2 | 10.79 | 102.16 | 112.95 | OK | |
r-release-linux-x86_64 | 0.2.2 | 6.88 | 99.74 | 106.62 | OK | |
r-release-macos-arm64 | 0.2.2 | 71.00 | OK | |||
r-release-macos-x86_64 | 0.2.2 | 129.00 | OK | |||
r-release-windows-x86_64 | 0.2.2 | 12.00 | 183.00 | 195.00 | OK | |
r-oldrel-macos-arm64 | 0.2.2 | 54.00 | OK | |||
r-oldrel-macos-x86_64 | 0.2.2 | 104.00 | OK | |||
r-oldrel-windows-x86_64 | 0.2.2 | 11.00 | 202.00 | 213.00 | OK |
Version: 0.2.2
Check: CRAN incoming feasibility
Result: NOTE
Maintainer: ‘Jochen Staudacher <jochen.staudacher@hs-kempten.de>’
Package CITATION file contains call(s) to old-style personList() or
as.personList(). Please use c() on person objects instead.
Package CITATION file contains call(s) to old-style citEntry(). Please
use bibentry() instead.
Flavors: r-devel-linux-x86_64-debian-clang, r-devel-linux-x86_64-debian-gcc