CRAN Package Check Results for Package CompPareto

Last updated on 2025-07-04 00:50:00 CEST.

Flavor Version Tinstall Tcheck Ttotal Status Flags
r-devel-linux-x86_64-debian-clang 0.1.0 1.93 19.26 21.19 NOTE
r-devel-linux-x86_64-debian-gcc 0.1.0 1.54 15.60 17.14 NOTE
r-devel-linux-x86_64-fedora-clang 0.1.0 32.43 OK
r-devel-linux-x86_64-fedora-gcc 0.1.0 31.69 OK
r-devel-windows-x86_64 0.1.0 2.00 41.00 43.00 OK
r-patched-linux-x86_64 0.1.0 1.83 18.04 19.87 OK
r-release-linux-x86_64 0.1.0 1.96 17.90 19.86 OK
r-release-macos-arm64 0.1.0 16.00 OK
r-release-macos-x86_64 0.1.0 25.00 OK
r-release-windows-x86_64 0.1.0 4.00 41.00 45.00 OK
r-oldrel-macos-arm64 0.1.0 15.00 OK
r-oldrel-macos-x86_64 0.1.0 20.00 OK
r-oldrel-windows-x86_64 0.1.0 3.00 44.00 47.00 OK

Check Details

Version: 0.1.0
Check: CRAN incoming feasibility
Result: NOTE Maintainer: ‘Bowen Liu <bowen.liu@umkc.edu>’ The Description field contains found in Bowen Liu, Malwane M.A. Ananda (2023) <arXiv:2309.16443>. Please refer to arXiv e-prints via their arXiv DOI <doi:10.48550/arXiv.YYMM.NNNNN>. Flavors: r-devel-linux-x86_64-debian-clang, r-devel-linux-x86_64-debian-gcc