Last updated on 2025-11-03 12:49:48 CET.
| Flavor | Version | Tinstall | Tcheck | Ttotal | Status | Flags | 
|---|---|---|---|---|---|---|
| r-devel-linux-x86_64-debian-clang | 0.3.0 | 2.80 | 41.02 | 43.82 | NOTE | |
| r-devel-linux-x86_64-debian-gcc | 0.3.0 | 2.03 | 30.68 | 32.71 | NOTE | |
| r-devel-linux-x86_64-fedora-clang | 0.3.0 | 20.00 | 53.00 | 73.00 | OK | |
| r-devel-linux-x86_64-fedora-gcc | 0.3.0 | 74.55 | OK | |||
| r-devel-windows-x86_64 | 0.3.0 | 5.00 | 56.00 | 61.00 | OK | |
| r-patched-linux-x86_64 | 0.3.0 | 2.85 | 38.69 | 41.54 | OK | |
| r-release-linux-x86_64 | 0.3.0 | 2.70 | 38.46 | 41.16 | OK | |
| r-release-macos-arm64 | 0.3.0 | 2.00 | 31.00 | 33.00 | OK | |
| r-release-macos-x86_64 | 0.3.0 | 2.00 | 48.00 | 50.00 | OK | |
| r-release-windows-x86_64 | 0.3.0 | 5.00 | 56.00 | 61.00 | OK | |
| r-oldrel-macos-arm64 | 0.3.0 | 2.00 | 26.00 | 28.00 | OK | |
| r-oldrel-macos-x86_64 | 0.3.0 | 2.00 | 39.00 | 41.00 | OK | |
| r-oldrel-windows-x86_64 | 0.3.0 | 5.00 | 68.00 | 73.00 | OK | 
Version: 0.3.0
Check: CRAN incoming feasibility
Result: NOTE
  Maintainer: ‘Krishanu Mukherjee <toton1181@gmail.com>’
  
  No Authors@R field in DESCRIPTION.
  Please add one, modifying
    Authors@R: person(given = "Krishanu",
                      family = "Mukherjee",
                      role = c("aut", "cre"),
                      email = "toton1181@gmail.com")
  as necessary.
Flavors: r-devel-linux-x86_64-debian-clang, r-devel-linux-x86_64-debian-gcc