Last updated on 2025-11-03 12:49:48 CET.
| Flavor | Version | Tinstall | Tcheck | Ttotal | Status | Flags | 
|---|---|---|---|---|---|---|
| r-devel-linux-x86_64-debian-clang | 1.1.2 | 5.54 | 42.19 | 47.73 | NOTE | |
| r-devel-linux-x86_64-debian-gcc | 1.1.2 | 3.59 | 30.31 | 33.90 | NOTE | |
| r-devel-linux-x86_64-fedora-clang | 1.1.2 | 41.00 | 34.17 | 75.17 | OK | |
| r-devel-linux-x86_64-fedora-gcc | 1.1.2 | 11.00 | 54.29 | 65.29 | OK | |
| r-devel-windows-x86_64 | 1.1.2 | 7.00 | 56.00 | 63.00 | OK | |
| r-patched-linux-x86_64 | 1.1.2 | 5.50 | 38.20 | 43.70 | OK | |
| r-release-linux-x86_64 | 1.1.2 | 4.04 | 38.54 | 42.58 | OK | |
| r-release-macos-arm64 | 1.1.2 | 3.00 | 23.00 | 26.00 | OK | |
| r-release-macos-x86_64 | 1.1.2 | 5.00 | 34.00 | 39.00 | OK | |
| r-release-windows-x86_64 | 1.1.2 | 8.00 | 57.00 | 65.00 | OK | |
| r-oldrel-macos-arm64 | 1.1.2 | 3.00 | 21.00 | 24.00 | OK | |
| r-oldrel-macos-x86_64 | 1.1.2 | 4.00 | 31.00 | 35.00 | OK | |
| r-oldrel-windows-x86_64 | 1.1.2 | 9.00 | 69.00 | 78.00 | OK | 
Version: 1.1.2
Check: CRAN incoming feasibility
Result: NOTE
  Maintainer: ‘Deisy Morselli Gysi <deisy.ccnr@gmail.com>’
  
  No Authors@R field in DESCRIPTION.
  Please add one, modifying
    Authors@R: c(person(given = c("Deisy", "Morselli"),
                        family = "Gysi",
                        role = c("aut", "cre"),
                        email = "deisy.ccnr@gmail.com"),
                 person(given = c("Tiago", "de", "Miranda"),
                        family = "Fragoso",
                        role = "aut"),
                 person(given = "Eivind",
                        family = "Almaas",
                        role = "aut"),
                 person(given = "Katja",
                        family = "Nowick.",
                        role = "aut"))
  as necessary.
  
  The Description field contains
    <arXiv:1802.00828>.
  Please refer to arXiv e-prints via their arXiv DOI <doi:10.48550/arXiv.YYMM.NNNNN>.
Flavors: r-devel-linux-x86_64-debian-clang, r-devel-linux-x86_64-debian-gcc