CRAN Package Check Results for Package ClusterRankTest

Last updated on 2025-10-21 12:49:47 CEST.

Flavor Version Tinstall Tcheck Ttotal Status Flags
r-devel-linux-x86_64-debian-clang 1.0 1.72 21.90 23.62 NOTE
r-devel-linux-x86_64-debian-gcc 1.0 1.47 17.75 19.22 NOTE
r-devel-linux-x86_64-fedora-clang 1.0 35.42 OK
r-devel-linux-x86_64-fedora-gcc 1.0 34.17 OK
r-devel-windows-x86_64 1.0 3.00 45.00 48.00 OK
r-patched-linux-x86_64 1.0 1.75 21.07 22.82 OK
r-release-linux-x86_64 1.0 1.76 21.07 22.83 OK
r-release-macos-arm64 1.0 1.00 13.00 14.00 OK
r-release-macos-x86_64 1.0 2.00 25.00 27.00 OK
r-release-windows-x86_64 1.0 3.00 47.00 50.00 OK
r-oldrel-macos-arm64 1.0 1.00 18.00 19.00 OK
r-oldrel-macos-x86_64 1.0 24.00 OK
r-oldrel-windows-x86_64 1.0 2.00 45.00 47.00 OK

Check Details

Version: 1.0
Check: CRAN incoming feasibility
Result: NOTE Maintainer: ‘Sandipan Dutta <sandipan.dutta07@gmail.com>’ No Authors@R field in DESCRIPTION. Please add one, modifying Authors@R: c(person(given = "Sandipan", family = "Dutta", role = c("aut", "cre"), email = "sandipan.dutta07@gmail.com"), person(given = "Somnath", family = "Datta", role = "aut")) as necessary. Flavors: r-devel-linux-x86_64-debian-clang, r-devel-linux-x86_64-debian-gcc