Last updated on 2025-11-03 12:49:48 CET.
| Flavor | Version | Tinstall | Tcheck | Ttotal | Status | Flags | 
|---|---|---|---|---|---|---|
| r-devel-linux-x86_64-debian-clang | 0.1.4 | 30.42 | 275.91 | 306.33 | OK | |
| r-devel-linux-x86_64-debian-gcc | 0.1.4 | 23.79 | 191.57 | 215.36 | OK | |
| r-devel-linux-x86_64-fedora-clang | 0.1.4 | 167.00 | 352.40 | 519.40 | OK | |
| r-devel-linux-x86_64-fedora-gcc | 0.1.4 | 69.00 | OK | |||
| r-devel-windows-x86_64 | 0.1.4 | 35.00 | 229.00 | 264.00 | OK | |
| r-patched-linux-x86_64 | 0.1.4 | 0.35 | 1.90 | 2.25 | ERROR | |
| r-release-linux-x86_64 | 0.1.4 | 26.66 | 262.39 | 289.05 | OK | |
| r-release-macos-arm64 | 0.1.4 | 15.00 | 79.00 | 94.00 | OK | |
| r-release-macos-x86_64 | 0.1.4 | 28.00 | 116.00 | 144.00 | OK | |
| r-release-windows-x86_64 | 0.1.4 | 34.00 | 225.00 | 259.00 | OK | |
| r-oldrel-macos-arm64 | 0.1.4 | 16.00 | 89.00 | 105.00 | NOTE | |
| r-oldrel-macos-x86_64 | 0.1.4 | 19.00 | 133.00 | 152.00 | NOTE | |
| r-oldrel-windows-x86_64 | 0.1.4 | 41.00 | 323.00 | 364.00 | OK | 
Version: 0.1.4
Check: package dependencies
Result: ERROR
  Package required but not available: ‘SingleCellExperiment’
  
  Packages suggested but not available for checking:
    'SummarizedExperiment', 'TCseq'
  
  See section ‘The DESCRIPTION file’ in the ‘Writing R Extensions’
  manual.
Flavor: r-patched-linux-x86_64
Version: 0.1.4
Check: package dependencies
Result: NOTE
  Package suggested but not available for checking: ‘TCseq’
Flavor: r-oldrel-macos-arm64
Version: 0.1.4
Check: package dependencies
Result: NOTE
  Packages suggested but not available for checking: 'TCseq', 'monocle'
Flavor: r-oldrel-macos-x86_64